{"id":21579,"date":"2023-06-24T22:03:16","date_gmt":"2023-06-24T22:03:16","guid":{"rendered":"https:\/\/nakarnisze.pl\/?page_id=21579"},"modified":"2024-09-18T12:16:26","modified_gmt":"2024-09-18T10:16:26","slug":"zwroty","status":"publish","type":"page","link":"https:\/\/nakarnisze.pl\/index.php\/zwroty\/","title":{"rendered":"Polityka zwrot\u00f3w"},"content":{"rendered":"\n<h5 class=\"wp-block-heading\">Polityka zwrot\u00f3w sklepu nakarnisze.pl<\/h5>\n\n\n\n<p><strong>Jaki jest czas na zwrot zakupionych produkt\u00f3w?<\/strong><\/p>\n\n\n\n<p>Aby u\u0142atwi\u0107 Ci korzystanie z naszego sklepu, masz mo\u017cliwo\u015b\u0107 zwr\u00f3cenia wszystkich zakupionych produkt\u00f3w w ci\u0105gu 14 dni od daty otrzymania przesy\u0142ki, bez konieczno\u015bci podawania przyczyny. Pami\u0119taj jednak, \u017ce akceptujemy zwroty tylko i wy\u0142\u0105cznie dla produkt\u00f3w w nienaruszonym stanie (niepranych, nieprasowanych, niepomarszczonych i takich, kt\u00f3re nie s\u0105 sprowadzane na indywidualne zam\u00f3wienie klienta).<\/p>\n\n\n\n<p><strong>UWAGA! &nbsp;Towar sprowadzony na indywidualne zam\u00f3wienie klienta nie podlega prawu zwrotu, je\u015bli jest wykonany wed\u0142ug specyfikacji przekazanej przez konsumenta lub s\u0142u\u017cy zaspokojeniu jego zindywidualizowanych potrzeb.<\/strong> Informacja o mo\u017cliwo\u015bci zwrotu danego wymiaru znajdziesz w zak\u0142adce: <strong>Informacje dodatkowe<\/strong> &#8211; zak\u0142adka znajduje si\u0119 przy ka\u017cdym produkcie<\/p>\n\n\n\n<p><strong>Jakie dokumenty nale\u017cy do\u0142\u0105czy\u0107 do przesy\u0142ki?<\/strong><\/p>\n\n\n\n<p>Do paczki nale\u017cy do\u0142\u0105czy\u0107 formularz zwrotu, na kt\u00f3rym b\u0119d\u0105 widoczne dane kontaktowe umo\u017cliwiaj\u0105ce identyfikacj\u0119 zam\u00f3wienia, a tak\u017ce dow\u00f3d zakupu \u2013 wprawdzie nie jest on bezwzgl\u0119dnie wymagany, ale u\u0142atwi i przyspieszy ca\u0142\u0105 procedur\u0119 zwrotu. Formularz odst\u0105pienia od umowy znajd\u0105 Pa\u0144stwo tutaj:\u00a0<a href=\"https:\/\/nakarnisze.pl\/wp-content\/uploads\/2024\/09\/FORMULARZ-ODSTAPIENIA-OD-UMOWY-nakarnisze-pl-2.pdf\" data-type=\"URL\">FORMULARZ ODST\u0104PIENIA OD UMOWY &#8211; KLIK<\/a><\/p>\n\n\n\n<p><strong>W przypadku odst\u0105pienia od umowy ( zwrotu towaru) kupuj\u0105cy pokrywa koszty odes\u0142ania towaru.<\/strong><\/p>\n\n\n\n<p><strong>Na jaki adres odes\u0142a\u0107 towar?<\/strong><\/p>\n\n\n\n<p>ACT Arkadiusz Cybulski <\/p>\n\n\n\n<p>11 Listopada 121F\/17<\/p>\n\n\n\n<p>07-410 Ostro\u0142\u0119ka<\/p>\n\n\n\n<p><strong>W jakim terminie otrzymam zwrot?<\/strong><\/p>\n\n\n\n<p>Zwrot otrzymasz maksymalnie w ci\u0105gu 14 dni, jednak przewa\u017cnie jest to oko\u0142o 3-5 dni.<\/p>\n","protected":false},"excerpt":{"rendered":"<p>Polityka zwrot\u00f3w sklepu nakarnisze.pl Jaki jest czas na zwrot zakupionych produkt\u00f3w? Aby u\u0142atwi\u0107 Ci korzystanie z naszego sklepu, masz mo\u017cliwo\u015b\u0107 zwr\u00f3cenia wszystkich zakupionych produkt\u00f3w w ci\u0105gu 14 dni od daty otrzymania przesy\u0142ki, bez konieczno\u015bci podawania przyczyny. Pami\u0119taj jednak, \u017ce akceptujemy zwroty tylko i wy\u0142\u0105cznie dla produkt\u00f3w w nienaruszonym stanie (niepranych, nieprasowanych, niepomarszczonych i takich, kt\u00f3re nie s\u0105 sprowadzane na indywidualne zam\u00f3wienie klienta). UWAGA! &nbsp;Towar sprowadzony na indywidualne zam\u00f3wienie klienta nie podlega prawu zwrotu, je\u015bli jest wykonany wed\u0142ug specyfikacji przekazanej przez konsumenta lub s\u0142u\u017cy zaspokojeniu jego zindywidualizowanych potrzeb. Informacja o mo\u017cliwo\u015bci zwrotu danego wymiaru znajdziesz w zak\u0142adce: Informacje dodatkowe &#8211; zak\u0142adka znajduje si\u0119 przy ka\u017cdym produkcie Jakie dokumenty nale\u017cy do\u0142\u0105czy\u0107 do przesy\u0142ki? Do paczki nale\u017cy do\u0142\u0105czy\u0107 formularz zwrotu, na kt\u00f3rym b\u0119d\u0105 widoczne dane kontaktowe umo\u017cliwiaj\u0105ce identyfikacj\u0119 zam\u00f3wienia, a tak\u017ce dow\u00f3d zakupu \u2013 wprawdzie nie jest on bezwzgl\u0119dnie wymagany, ale u\u0142atwi i przyspieszy ca\u0142\u0105 procedur\u0119 zwrotu. Formularz odst\u0105pienia od umowy znajd\u0105 Pa\u0144stwo tutaj:\u00a0FORMULARZ ODST\u0104PIENIA OD UMOWY &#8211; KLIK W przypadku odst\u0105pienia od umowy ( zwrotu towaru) kupuj\u0105cy pokrywa koszty odes\u0142ania towaru. Na jaki adres odes\u0142a\u0107 towar? ACT Arkadiusz Cybulski 11 Listopada 121F\/17 07-410 Ostro\u0142\u0119ka W jakim terminie otrzymam zwrot? Zwrot otrzymasz maksymalnie w ci\u0105gu 14 dni, jednak przewa\u017cnie jest to oko\u0142o 3-5 dni.<\/p>\n","protected":false},"author":1,"featured_media":0,"parent":0,"menu_order":0,"comment_status":"closed","ping_status":"closed","template":"","meta":{"footnotes":""},"class_list":["post-21579","page","type-page","status-publish","hentry","post-no-thumbnail"],"jetpack_sharing_enabled":true,"_links":{"self":[{"href":"https:\/\/nakarnisze.pl\/index.php\/wp-json\/wp\/v2\/pages\/21579","targetHints":{"allow":["GET"]}}],"collection":[{"href":"https:\/\/nakarnisze.pl\/index.php\/wp-json\/wp\/v2\/pages"}],"about":[{"href":"https:\/\/nakarnisze.pl\/index.php\/wp-json\/wp\/v2\/types\/page"}],"author":[{"embeddable":true,"href":"https:\/\/nakarnisze.pl\/index.php\/wp-json\/wp\/v2\/users\/1"}],"replies":[{"embeddable":true,"href":"https:\/\/nakarnisze.pl\/index.php\/wp-json\/wp\/v2\/comments?post=21579"}],"version-history":[{"count":3,"href":"https:\/\/nakarnisze.pl\/index.php\/wp-json\/wp\/v2\/pages\/21579\/revisions"}],"predecessor-version":[{"id":28366,"href":"https:\/\/nakarnisze.pl\/index.php\/wp-json\/wp\/v2\/pages\/21579\/revisions\/28366"}],"wp:attachment":[{"href":"https:\/\/nakarnisze.pl\/index.php\/wp-json\/wp\/v2\/media?parent=21579"}],"curies":[{"name":"wp","href":"https:\/\/api.w.org\/{rel}","templated":true}]}}