{"id":21856,"date":"2023-06-29T12:10:27","date_gmt":"2023-06-29T10:10:27","guid":{"rendered":"https:\/\/nakarnisze.pl\/?post_type=product&#038;p=21856"},"modified":"2026-01-25T00:00:11","modified_gmt":"2026-01-24T22:00:11","slug":"firana-na-tasmie","status":"publish","type":"product","link":"https:\/\/nakarnisze.pl\/index.php\/firana-na-tasmie\/","title":{"rendered":"\u015aNIE\u017bNOBIA\u0141A FIRANA NA TA\u015aMIE GOTOWA Z WOALU G\u0141ADKA BIA\u0141A"},"content":{"rendered":"<h1>\u015aNIE\u017bNOBIA\u0141A FIRANA NA TA\u015aMIE GOTOWA Z WOALU G\u0141ADKA BIA\u0141A<\/h1>\n<p><strong>Niezwyk\u0142a gotowa firana<\/strong> wykonana z <strong>delikatnego woalu<\/strong> z pewno\u015bci\u0105 przypadnie do gustu mi\u0142o\u015bnikom klasycznej elegancji. Ta wyj\u0105tkowa \u015bnie\u017cnobia\u0142a firana zosta\u0142a starannie uszyta z wykorzystaniem <strong>ta\u015bmy marszcz\u0105cej<\/strong>. Jej prosty, ale zarazem wyrafinowany design sprawia, \u017ce jest <strong>doskona\u0142ym wyborem<\/strong> dla os\u00f3b, kt\u00f3re ceni\u0105 sobie nie tylko styl, ale tak\u017ce komfort, jaki zapewniaj\u0105 firany na ta\u015bmie.<\/p>\n<p>Prezentowany model mo\u017cna \u0142\u0105czy\u0107 r\u00f3wnie\u017c z zas\u0142onami na ta\u015bmie.<\/p>\n<p>Firany dost\u0119pne s\u0105 r\u00f3wnie\u017c w wersji na przelotkach. Mo\u017cna je zobaczy\u0107 klikaj\u0105c w ten link: <a title=\"Firana na przelotkach\" href=\"https:\/\/nakarnisze.pl\/index.php\/firana-na-przelotkach\/\">Firana na przelotkach<\/a><\/p>\n<p>\u015anie\u017cnobia\u0142e firany zosta\u0142y wykonane z\u00a0<b>woalu<\/b>, kt\u00f3ry jest tkanin\u0105\u00a0<b>wysokiej jako\u015bci<\/b>. Ten materia\u0142 posiada wiele korzy\u015bci. Przede wszystkim wyr\u00f3\u017cnia si\u0119 wyj\u0105tkow\u0105 wytrzyma\u0142o\u015bci\u0105. Dodatkowo, \u0142atwo utrzyma\u0107 go w doskona\u0142ym stanie, poniewa\u017c po praniu wystarczy go powiesi\u0107 na karniszu, a tkanina sama si\u0119 wyg\u0142adzi.<\/p>\n<p><b>Woal<\/b>\u00a0jest r\u00f3wnie\u017c niezwykle estetyczny, \u0142\u0105cz\u0105c minimalistyczn\u0105 form\u0119 z\u00a0<b>klasyczn\u0105 biel\u0105<\/b>. Dzi\u0119ki temu firany woalowe doskonale\u00a0<b>pasuj\u0105 zar\u00f3wno do eleganckich wn\u0119trz w stylu klasycznym<\/b>, jak i do\u00a0<b>nowoczesnych aran\u017cacji<\/b>. Stanowi\u0105 doskona\u0142\u0105 dekoracj\u0119 okien, dodaj\u0105c uroku pomieszczeniu, przy jednoczesnym zachowaniu r\u00f3wnowagi i przestrzeni.<\/p>\n<p><img fetchpriority=\"high\" decoding=\"async\" class=\"wp-image-22386 size-full aligncenter\" src=\"https:\/\/nakarnisze.pl\/wp-content\/uploads\/2023\/06\/przelotki-detal1-sklep.jpg\" alt=\"firana\" width=\"800\" height=\"800\" title=\"\" srcset=\"https:\/\/nakarnisze.pl\/wp-content\/uploads\/2023\/06\/przelotki-detal1-sklep.jpg 800w, https:\/\/nakarnisze.pl\/wp-content\/uploads\/2023\/06\/przelotki-detal1-sklep-300x300.jpg 300w, https:\/\/nakarnisze.pl\/wp-content\/uploads\/2023\/06\/przelotki-detal1-sklep-150x150.jpg 150w, https:\/\/nakarnisze.pl\/wp-content\/uploads\/2023\/06\/przelotki-detal1-sklep-600x600.jpg 600w, https:\/\/nakarnisze.pl\/wp-content\/uploads\/2023\/06\/przelotki-detal1-sklep-768x768.jpg 768w, https:\/\/nakarnisze.pl\/wp-content\/uploads\/2023\/06\/przelotki-detal1-sklep-80x80.jpg 80w\" sizes=\"(max-width: 800px) 100vw, 800px\" \/><\/p>\n<p><img decoding=\"async\" class=\"size-full wp-image-22044 aligncenter\" src=\"https:\/\/nakarnisze.pl\/wp-content\/uploads\/2023\/07\/LAMBREKIN-400X250-4.jpg\" alt=\"\" width=\"800\" height=\"800\" title=\"\" srcset=\"https:\/\/nakarnisze.pl\/wp-content\/uploads\/2023\/07\/LAMBREKIN-400X250-4.jpg 800w, https:\/\/nakarnisze.pl\/wp-content\/uploads\/2023\/07\/LAMBREKIN-400X250-4-300x300.jpg 300w, https:\/\/nakarnisze.pl\/wp-content\/uploads\/2023\/07\/LAMBREKIN-400X250-4-150x150.jpg 150w, https:\/\/nakarnisze.pl\/wp-content\/uploads\/2023\/07\/LAMBREKIN-400X250-4-600x600.jpg 600w, https:\/\/nakarnisze.pl\/wp-content\/uploads\/2023\/07\/LAMBREKIN-400X250-4-768x768.jpg 768w, https:\/\/nakarnisze.pl\/wp-content\/uploads\/2023\/07\/LAMBREKIN-400X250-4-80x80.jpg 80w\" sizes=\"(max-width: 800px) 100vw, 800px\" \/><\/p>\n<p><img decoding=\"async\" class=\"size-full wp-image-22173 aligncenter\" src=\"https:\/\/nakarnisze.pl\/wp-content\/uploads\/2023\/06\/firana-przelotki-detal2.jpg\" alt=\"firana przelotki detal\" width=\"800\" height=\"800\" title=\"\" srcset=\"https:\/\/nakarnisze.pl\/wp-content\/uploads\/2023\/06\/firana-przelotki-detal2.jpg 800w, https:\/\/nakarnisze.pl\/wp-content\/uploads\/2023\/06\/firana-przelotki-detal2-300x300.jpg 300w, https:\/\/nakarnisze.pl\/wp-content\/uploads\/2023\/06\/firana-przelotki-detal2-150x150.jpg 150w, https:\/\/nakarnisze.pl\/wp-content\/uploads\/2023\/06\/firana-przelotki-detal2-600x600.jpg 600w, https:\/\/nakarnisze.pl\/wp-content\/uploads\/2023\/06\/firana-przelotki-detal2-768x768.jpg 768w, https:\/\/nakarnisze.pl\/wp-content\/uploads\/2023\/06\/firana-przelotki-detal2-80x80.jpg 80w\" sizes=\"(max-width: 800px) 100vw, 800px\" \/><\/p>\n<ul>\n<li>Materia\u0142: woal<\/li>\n<li>Spos\u00f3b zawieszenia: ta\u015bma, tunel, \u017cabki<\/li>\n<li>Pranie: temp.\u00a030\u00b0C<\/li>\n<li>Prasowanie: temp. 110\u00b0C<\/li>\n<li>Przepuszczalno\u015b\u0107 promieni s\u0142onecznych: wysoka<\/li>\n<li><b>Po powieszeniu na mokro nie wymaga prasowania<\/b><\/li>\n<li><b>Firana panelowa idealnie \u0142\u0105czy si\u0119 w kilka sztuk i \u015bwietnie prezentuj\u0119 si\u0119 w ka\u017cdym wn\u0119trzu.<\/b><\/li>\n<li><strong>Cena dotyczy jednej sztuki firany<\/strong><\/li>\n<\/ul>\n<p><img loading=\"lazy\" decoding=\"async\" class=\"alignnone size-full wp-image-24909\" src=\"https:\/\/nakarnisze.pl\/wp-content\/uploads\/2023\/06\/firana-na-tasmie-z-tlem-1.jpg\" alt=\"firana na ta\u015bmie\" width=\"1000\" height=\"1000\" title=\"\" srcset=\"https:\/\/nakarnisze.pl\/wp-content\/uploads\/2023\/06\/firana-na-tasmie-z-tlem-1.jpg 1000w, https:\/\/nakarnisze.pl\/wp-content\/uploads\/2023\/06\/firana-na-tasmie-z-tlem-1-300x300.jpg 300w, https:\/\/nakarnisze.pl\/wp-content\/uploads\/2023\/06\/firana-na-tasmie-z-tlem-1-150x150.jpg 150w, https:\/\/nakarnisze.pl\/wp-content\/uploads\/2023\/06\/firana-na-tasmie-z-tlem-1-768x768.jpg 768w, https:\/\/nakarnisze.pl\/wp-content\/uploads\/2023\/06\/firana-na-tasmie-z-tlem-1-600x600.jpg 600w, https:\/\/nakarnisze.pl\/wp-content\/uploads\/2023\/06\/firana-na-tasmie-z-tlem-1-80x80.jpg 80w\" sizes=\"(max-width: 1000px) 100vw, 1000px\" \/><\/p>\n<p><strong>Jeden z najlepiej sprzedaj\u0105cych si\u0119 modeli firan w naszym sklepie na karnisze. Nie czekaj i kup teraz!<\/strong><\/p>\n","protected":false},"excerpt":{"rendered":"<p>\u015aNIE\u017bNOBIA\u0141A FIRANA NA TA\u015aMIE GOTOWA Z WOALU G\u0141ADKA BIA\u0141A Niezwyk\u0142a gotowa firana wykonana z delikatnego woalu z pewno\u015bci\u0105 przypadnie do gustu mi\u0142o\u015bnikom klasycznej elegancji. Ta wyj\u0105tkowa \u015bnie\u017cnobia\u0142a firana zosta\u0142a starannie uszyta z wykorzystaniem ta\u015bmy marszcz\u0105cej. Jej prosty, ale zarazem wyrafinowany design sprawia, \u017ce jest doskona\u0142ym wyborem dla os\u00f3b, kt\u00f3re ceni\u0105 sobie nie tylko styl, ale tak\u017ce komfort, jaki zapewniaj\u0105 firany na ta\u015bmie. Prezentowany model mo\u017cna \u0142\u0105czy\u0107 r\u00f3wnie\u017c z zas\u0142onami na ta\u015bmie. Firany dost\u0119pne s\u0105 r\u00f3wnie\u017c w wersji na przelotkach. Mo\u017cna je zobaczy\u0107 klikaj\u0105c w ten link: Firana na przelotkach \u015anie\u017cnobia\u0142e firany zosta\u0142y wykonane z\u00a0woalu, kt\u00f3ry jest tkanin\u0105\u00a0wysokiej jako\u015bci. Ten materia\u0142 posiada wiele korzy\u015bci. Przede wszystkim wyr\u00f3\u017cnia si\u0119 wyj\u0105tkow\u0105 wytrzyma\u0142o\u015bci\u0105. Dodatkowo, \u0142atwo utrzyma\u0107 go w doskona\u0142ym stanie, poniewa\u017c po praniu wystarczy go powiesi\u0107 na karniszu, a tkanina sama si\u0119 wyg\u0142adzi. Woal\u00a0jest r\u00f3wnie\u017c niezwykle estetyczny, \u0142\u0105cz\u0105c minimalistyczn\u0105 form\u0119 z\u00a0klasyczn\u0105 biel\u0105. Dzi\u0119ki temu firany woalowe doskonale\u00a0pasuj\u0105 zar\u00f3wno do eleganckich wn\u0119trz w stylu klasycznym, jak i do\u00a0nowoczesnych aran\u017cacji. Stanowi\u0105 doskona\u0142\u0105 dekoracj\u0119 okien, dodaj\u0105c uroku pomieszczeniu, przy jednoczesnym zachowaniu r\u00f3wnowagi i przestrzeni. Materia\u0142: woal Spos\u00f3b zawieszenia: ta\u015bma, tunel, \u017cabki Pranie: temp.\u00a030\u00b0C Prasowanie: temp. 110\u00b0C Przepuszczalno\u015b\u0107 promieni s\u0142onecznych: wysoka Po powieszeniu na mokro nie wymaga prasowania Firana panelowa idealnie \u0142\u0105czy si\u0119 w kilka sztuk i \u015bwietnie prezentuj\u0119 si\u0119 w ka\u017cdym wn\u0119trzu. Cena dotyczy jednej sztuki firany Jeden z najlepiej sprzedaj\u0105cych si\u0119 modeli firan w naszym sklepie na karnisze. Nie czekaj i kup teraz!<\/p>\n","protected":false},"featured_media":24909,"comment_status":"closed","ping_status":"closed","template":"","meta":[],"product_brand":[],"product_cat":[552,137],"product_tag":[170,146,147,148,232,171,172,173,233,169],"class_list":{"0":"post-21856","1":"product","2":"type-product","3":"status-publish","4":"has-post-thumbnail","6":"product_cat-firany-na-tasmie","7":"product_cat-firany","8":"product_tag-140x180","9":"product_tag-140x230","10":"product_tag-140x240","11":"product_tag-140x250","12":"product_tag-232","13":"product_tag-300x250","14":"product_tag-400x250","15":"product_tag-500x250","16":"product_tag-firana-na-tasmie","17":"product_tag-firany-na-tasmie","18":"product_shipping_class-pl","20":"first","21":"instock","22":"taxable","23":"shipping-taxable","24":"purchasable","25":"product-type-variable","26":"has-default-attributes"},"jetpack_sharing_enabled":true,"_links":{"self":[{"href":"https:\/\/nakarnisze.pl\/index.php\/wp-json\/wp\/v2\/product\/21856","targetHints":{"allow":["GET"]}}],"collection":[{"href":"https:\/\/nakarnisze.pl\/index.php\/wp-json\/wp\/v2\/product"}],"about":[{"href":"https:\/\/nakarnisze.pl\/index.php\/wp-json\/wp\/v2\/types\/product"}],"replies":[{"embeddable":true,"href":"https:\/\/nakarnisze.pl\/index.php\/wp-json\/wp\/v2\/comments?post=21856"}],"version-history":[{"count":5,"href":"https:\/\/nakarnisze.pl\/index.php\/wp-json\/wp\/v2\/product\/21856\/revisions"}],"predecessor-version":[{"id":25515,"href":"https:\/\/nakarnisze.pl\/index.php\/wp-json\/wp\/v2\/product\/21856\/revisions\/25515"}],"wp:featuredmedia":[{"embeddable":true,"href":"https:\/\/nakarnisze.pl\/index.php\/wp-json\/wp\/v2\/media\/24909"}],"wp:attachment":[{"href":"https:\/\/nakarnisze.pl\/index.php\/wp-json\/wp\/v2\/media?parent=21856"}],"wp:term":[{"taxonomy":"product_brand","embeddable":true,"href":"https:\/\/nakarnisze.pl\/index.php\/wp-json\/wp\/v2\/product_brand?post=21856"},{"taxonomy":"product_cat","embeddable":true,"href":"https:\/\/nakarnisze.pl\/index.php\/wp-json\/wp\/v2\/product_cat?post=21856"},{"taxonomy":"product_tag","embeddable":true,"href":"https:\/\/nakarnisze.pl\/index.php\/wp-json\/wp\/v2\/product_tag?post=21856"}],"curies":[{"name":"wp","href":"https:\/\/api.w.org\/{rel}","templated":true}]}}