{"id":22234,"date":"2023-09-07T21:04:58","date_gmt":"2023-09-07T19:04:58","guid":{"rendered":"https:\/\/nakarnisze.pl\/?post_type=product&#038;p=22234"},"modified":"2025-12-12T00:28:35","modified_gmt":"2025-12-11T22:28:35","slug":"firana-gotowa-z-cyrkoniami-300-x-150-gladka-woal","status":"publish","type":"product","link":"https:\/\/nakarnisze.pl\/index.php\/firana-gotowa-z-cyrkoniami-300-x-150-gladka-woal\/","title":{"rendered":"FIRANA GOTOWA Z CYRKONIAMI \u0141UK G\u0141ADKA WOAL"},"content":{"rendered":"<div class=\"mpof_ki myre_zn myre_8v_l m389_6m_l\">\n<div class=\"mp4t_16_s mryx_16_s mr3m_1 mli2_1 mh85_56 mh85_0_l\">\n<div class=\"mgn2_16 _0d3bd_am0a-\">\n<h1>FIRANA GOTOWA Z CYRKONIAMI \u0141UK G\u0141ADKA WOAL<\/h1>\n<\/div>\n<\/div>\n<\/div>\n<div class=\"mpof_ki myre_zn myre_8v_l m389_6m_l\">\n<div class=\"mp4t_16_s mryx_16_s mr3m_1 mli2_1 mh85_56 mh85_0_l\">\n<div class=\"mgn2_16 _0d3bd_am0a-\">\n<p><b>FIRANA GOTOWA Z CYRKONIAMI W \u0141UK 300&#215;150 400&#215;150 300&#215;120 400&#215;120 cm<\/b><\/p>\n<p>Elegancka firana gotowa, stworzona z\u00a0<b>delikatnego<\/b>, lekko przezroczystego\u00a0<b>woalu<\/b>, prezentuje si\u0119 w formie uroczo ukszta\u0142towanego\u00a0<b>\u0142uku<\/b>.<\/p>\n<p>Bia\u0142y woal o przyjemnym w dotyku wyko\u0144czeniu wyr\u00f3\u017cnia si\u0119 swoj\u0105\u00a0<b>g\u0142adk\u0105 faktur\u0105<\/b>. To rozwi\u0105zanie, kt\u00f3re nie tylko wpuszcza naturalne \u015bwiat\u0142o do wn\u0119trza, ale tak\u017ce zapewnia mieszka\u0144com prywatno\u015b\u0107.<\/p>\n<p>Dodatkowym atutem tej firany s\u0105 subtelne detale &#8211;\u00a0<b>6-centymetrowa ta\u015bma ozdobiona cyrkoniami<\/b>, kt\u00f3re delikatnie migocz\u0105 w \u015bwietle, dodaje jej wyj\u0105tkowego blasku.<\/p>\n<p><b>\u2714\ufe0f Pasuje na karnisz o szeroko\u015bci 150-300 cm &#8211; firana o szeroko\u015bci 300 cm<\/b><\/p>\n<p><b>\u2714\ufe0f Pasuje na karnisz o szeroko\u015bci 150-400 cm &#8211; firana o szeroko\u015bci 400 cm\u00a0\u00a0<\/b><\/p>\n<p>&nbsp;<\/p>\n<\/div>\n<\/div>\n<p><b>Specyfikacja:<\/b><\/p>\n<ul>\n<li>Rozmiar:\u00a0<b>300&#215;150 cm, 400&#215;150 cm, 300&#215;120 cm, 400&#215;120 cm &#8211; do wyboru<\/b><\/li>\n<li>Szeroko\u015b\u0107 (przed zmarszczeniem): <strong>300 cm<\/strong>, <strong>400 cm<\/strong><\/li>\n<li>Szeroko\u015b\u0107 ta\u015bmy z\u00a0<b>cyrkoniami<\/b>: 6 cm<\/li>\n<li>Wysoko\u015b\u0107 mierzona po brzegach: 150 cm lub 120 cm<\/li>\n<li>Wysoko\u015b\u0107 na \u015brodku \u0142uku: 118 cm<\/li>\n<li>Tkanina: woal<\/li>\n<li>Kolor: bia\u0142y<\/li>\n<li>Temperatura prania: 30\u00b0C<\/li>\n<li>Temperatura prasowania: 110\u00b0C<\/li>\n<li>Tolerancja +\/-5 cm<\/li>\n<\/ul>\n<p><b>Spos\u00f3b zawieszenia firany:<\/b><\/p>\n<p>Firana jest wyposa\u017cona we wbudowan\u0105\u00a0<b>ta\u015bm\u0119 marszcz\u0105c\u0105<\/b>\u00a0i\u00a0<b>tunel<\/b>\u00a0na karnisz. Mo\u017cesz j\u0105 \u0142atwo zawiesi\u0107 na\u00a0<b>karniszu<\/b>\u00a0lub za pomoc\u0105\u00a0<b>\u017cabek<\/b>.<\/p>\n<\/div>\n","protected":false},"excerpt":{"rendered":"<p>FIRANA GOTOWA Z CYRKONIAMI \u0141UK G\u0141ADKA WOAL FIRANA GOTOWA Z CYRKONIAMI W \u0141UK 300&#215;150 400&#215;150 300&#215;120 400&#215;120 cm Elegancka firana gotowa, stworzona z\u00a0delikatnego, lekko przezroczystego\u00a0woalu, prezentuje si\u0119 w formie uroczo ukszta\u0142towanego\u00a0\u0142uku. Bia\u0142y woal o przyjemnym w dotyku wyko\u0144czeniu wyr\u00f3\u017cnia si\u0119 swoj\u0105\u00a0g\u0142adk\u0105 faktur\u0105. To rozwi\u0105zanie, kt\u00f3re nie tylko wpuszcza naturalne \u015bwiat\u0142o do wn\u0119trza, ale tak\u017ce zapewnia mieszka\u0144com prywatno\u015b\u0107. Dodatkowym atutem tej firany s\u0105 subtelne detale &#8211;\u00a06-centymetrowa ta\u015bma ozdobiona cyrkoniami, kt\u00f3re delikatnie migocz\u0105 w \u015bwietle, dodaje jej wyj\u0105tkowego blasku. \u2714\ufe0f Pasuje na karnisz o szeroko\u015bci 150-300 cm &#8211; firana o szeroko\u015bci 300 cm \u2714\ufe0f Pasuje na karnisz o szeroko\u015bci 150-400 cm &#8211; firana o szeroko\u015bci 400 cm\u00a0\u00a0 &nbsp; Specyfikacja: Rozmiar:\u00a0300&#215;150 cm, 400&#215;150 cm, 300&#215;120 cm, 400&#215;120 cm &#8211; do wyboru Szeroko\u015b\u0107 (przed zmarszczeniem): 300 cm, 400 cm Szeroko\u015b\u0107 ta\u015bmy z\u00a0cyrkoniami: 6 cm Wysoko\u015b\u0107 mierzona po brzegach: 150 cm lub 120 cm Wysoko\u015b\u0107 na \u015brodku \u0142uku: 118 cm Tkanina: woal Kolor: bia\u0142y Temperatura prania: 30\u00b0C Temperatura prasowania: 110\u00b0C Tolerancja +\/-5 cm Spos\u00f3b zawieszenia firany: Firana jest wyposa\u017cona we wbudowan\u0105\u00a0ta\u015bm\u0119 marszcz\u0105c\u0105\u00a0i\u00a0tunel\u00a0na karnisz. Mo\u017cesz j\u0105 \u0142atwo zawiesi\u0107 na\u00a0karniszu\u00a0lub za pomoc\u0105\u00a0\u017cabek.<\/p>\n","protected":false},"featured_media":34219,"comment_status":"closed","ping_status":"closed","template":"","meta":[],"product_brand":[],"product_cat":[552,137],"product_tag":[],"class_list":{"0":"post-22234","1":"product","2":"type-product","3":"status-publish","4":"has-post-thumbnail","6":"product_cat-firany-na-tasmie","7":"product_cat-firany","9":"first","10":"outofstock","11":"taxable","12":"shipping-taxable","13":"product-type-variable","14":"has-default-attributes"},"jetpack_sharing_enabled":true,"_links":{"self":[{"href":"https:\/\/nakarnisze.pl\/index.php\/wp-json\/wp\/v2\/product\/22234","targetHints":{"allow":["GET"]}}],"collection":[{"href":"https:\/\/nakarnisze.pl\/index.php\/wp-json\/wp\/v2\/product"}],"about":[{"href":"https:\/\/nakarnisze.pl\/index.php\/wp-json\/wp\/v2\/types\/product"}],"replies":[{"embeddable":true,"href":"https:\/\/nakarnisze.pl\/index.php\/wp-json\/wp\/v2\/comments?post=22234"}],"version-history":[{"count":4,"href":"https:\/\/nakarnisze.pl\/index.php\/wp-json\/wp\/v2\/product\/22234\/revisions"}],"predecessor-version":[{"id":34224,"href":"https:\/\/nakarnisze.pl\/index.php\/wp-json\/wp\/v2\/product\/22234\/revisions\/34224"}],"wp:featuredmedia":[{"embeddable":true,"href":"https:\/\/nakarnisze.pl\/index.php\/wp-json\/wp\/v2\/media\/34219"}],"wp:attachment":[{"href":"https:\/\/nakarnisze.pl\/index.php\/wp-json\/wp\/v2\/media?parent=22234"}],"wp:term":[{"taxonomy":"product_brand","embeddable":true,"href":"https:\/\/nakarnisze.pl\/index.php\/wp-json\/wp\/v2\/product_brand?post=22234"},{"taxonomy":"product_cat","embeddable":true,"href":"https:\/\/nakarnisze.pl\/index.php\/wp-json\/wp\/v2\/product_cat?post=22234"},{"taxonomy":"product_tag","embeddable":true,"href":"https:\/\/nakarnisze.pl\/index.php\/wp-json\/wp\/v2\/product_tag?post=22234"}],"curies":[{"name":"wp","href":"https:\/\/api.w.org\/{rel}","templated":true}]}}