{"id":22593,"date":"2023-10-20T07:00:37","date_gmt":"2023-10-20T05:00:37","guid":{"rendered":"https:\/\/nakarnisze.pl\/?post_type=product&#038;p=22593"},"modified":"2026-03-27T16:35:16","modified_gmt":"2026-03-27T14:35:16","slug":"firana-z-cyrkoniami-luk-gladka-woal-gotowa-300x150-400x150-500x150-cm","status":"publish","type":"product","link":"https:\/\/nakarnisze.pl\/index.php\/firana-z-cyrkoniami-luk-gladka-woal-gotowa-300x150-400x150-500x150-cm\/","title":{"rendered":"FIRANA Z CYRKONIAMI \u0141UK G\u0141ADKA WOAL GOTOWA 300&#215;150 400&#215;150 500&#215;150 CM"},"content":{"rendered":"<h1>FIRANA Z CYRKONIAMI \u0141UK G\u0141ADKA WOAL GOTOWA<\/h1>\n<p><b><img fetchpriority=\"high\" decoding=\"async\" class=\"wp-image-22595 aligncenter\" src=\"https:\/\/nakarnisze.pl\/wp-content\/uploads\/2023\/10\/01-firana-gotowa-woal-cyrkonie-L236-150x300-biala-hurtownia.jpg\" alt=\"Firana gotowa z cyrkoniami\" width=\"635\" height=\"635\" title=\"\" srcset=\"https:\/\/nakarnisze.pl\/wp-content\/uploads\/2023\/10\/01-firana-gotowa-woal-cyrkonie-L236-150x300-biala-hurtownia.jpg 1500w, https:\/\/nakarnisze.pl\/wp-content\/uploads\/2023\/10\/01-firana-gotowa-woal-cyrkonie-L236-150x300-biala-hurtownia-300x300.jpg 300w, https:\/\/nakarnisze.pl\/wp-content\/uploads\/2023\/10\/01-firana-gotowa-woal-cyrkonie-L236-150x300-biala-hurtownia-150x150.jpg 150w, https:\/\/nakarnisze.pl\/wp-content\/uploads\/2023\/10\/01-firana-gotowa-woal-cyrkonie-L236-150x300-biala-hurtownia-600x600.jpg 600w, https:\/\/nakarnisze.pl\/wp-content\/uploads\/2023\/10\/01-firana-gotowa-woal-cyrkonie-L236-150x300-biala-hurtownia-1024x1024.jpg 1024w, https:\/\/nakarnisze.pl\/wp-content\/uploads\/2023\/10\/01-firana-gotowa-woal-cyrkonie-L236-150x300-biala-hurtownia-768x768.jpg 768w, https:\/\/nakarnisze.pl\/wp-content\/uploads\/2023\/10\/01-firana-gotowa-woal-cyrkonie-L236-150x300-biala-hurtownia-80x80.jpg 80w\" sizes=\"(max-width: 635px) 100vw, 635px\" \/>FIRANA Z CYRKONIAMI W \u0141UK 300&#215;150, 400&#215;150, 500&#215;150 cm<\/b><\/p>\n<p>Elegancka firana gotowa, stworzona z <b>delikatnego<\/b>, lekko przezroczystego <b>woalu<\/b>, prezentuje si\u0119 w formie uroczo ukszta\u0142towanego <b>\u0142uku<\/b>.<\/p>\n<p>Bia\u0142y woal o przyjemnym w dotyku wyko\u0144czeniu wyr\u00f3\u017cnia si\u0119 swoj\u0105 <b>g\u0142adk\u0105 faktur\u0105<\/b>. To rozwi\u0105zanie, kt\u00f3re nie tylko wpuszcza naturalne \u015bwiat\u0142o do wn\u0119trza, ale tak\u017ce zapewnia mieszka\u0144com prywatno\u015b\u0107.<\/p>\n<p>Dodatkowym atutem tej firany s\u0105 subtelne detale &#8211; <b>6-centymetrowa ta\u015bma ozdobiona cyrkoniami<\/b>, kt\u00f3re delikatnie migocz\u0105 w \u015bwietle, dodaje jej wyj\u0105tkowego blasku.<\/p>\n<p><img decoding=\"async\" class=\"wp-image-22236 alignleft\" src=\"https:\/\/nakarnisze.pl\/wp-content\/uploads\/2023\/09\/400x150-l223-2.jpg\" alt=\"firana z cyrkoniami\" width=\"354\" height=\"354\" title=\"\" srcset=\"https:\/\/nakarnisze.pl\/wp-content\/uploads\/2023\/09\/400x150-l223-2.jpg 2500w, https:\/\/nakarnisze.pl\/wp-content\/uploads\/2023\/09\/400x150-l223-2-300x300.jpg 300w, https:\/\/nakarnisze.pl\/wp-content\/uploads\/2023\/09\/400x150-l223-2-150x150.jpg 150w, https:\/\/nakarnisze.pl\/wp-content\/uploads\/2023\/09\/400x150-l223-2-600x600.jpg 600w, https:\/\/nakarnisze.pl\/wp-content\/uploads\/2023\/09\/400x150-l223-2-1024x1024.jpg 1024w, https:\/\/nakarnisze.pl\/wp-content\/uploads\/2023\/09\/400x150-l223-2-768x768.jpg 768w, https:\/\/nakarnisze.pl\/wp-content\/uploads\/2023\/09\/400x150-l223-2-1536x1536.jpg 1536w, https:\/\/nakarnisze.pl\/wp-content\/uploads\/2023\/09\/400x150-l223-2-2048x2048.jpg 2048w, https:\/\/nakarnisze.pl\/wp-content\/uploads\/2023\/09\/400x150-l223-2-80x80.jpg 80w\" sizes=\"(max-width: 354px) 100vw, 354px\" \/><\/p>\n<p><b>Specyfikacja:<\/b><\/p>\n<ul>\n<li>Rozmiar: <b>300&#215;150, 400&#215;150, 500&#215;150 cm<\/b><\/li>\n<li>Szeroko\u015b\u0107 (przed zmarszczeniem): 300 cm, 400 cm, 500 cm<\/li>\n<li>Szeroko\u015b\u0107 ta\u015bmy z <b>cyrkoniami<\/b>: 6 cm<\/li>\n<li>Wysoko\u015b\u0107 mierzona po brzegach: 150 cm<\/li>\n<li>Wysoko\u015b\u0107 na \u015brodku \u0142uku: 110 cm<\/li>\n<li>Tkanina: <b>woal<\/b><\/li>\n<li>Kolor: <b>bia\u0142y<\/b><\/li>\n<li>Temperatura prania: 30\u00b0C<\/li>\n<li>Temperatura prasowania: 110\u00b0C<\/li>\n<li>Tolerancja +\/-5 cm<\/li>\n<\/ul>\n<p><b>Spos\u00f3b zawieszenia firany:<\/b><\/p>\n<p>Firana jest wyposa\u017cona we wbudowan\u0105 <b>ta\u015bm\u0119 marszcz\u0105c\u0105<\/b> i <b>tunel<\/b> na karnisz. Mo\u017cesz j\u0105 \u0142atwo zawiesi\u0107 na <b>karniszu<\/b> lub za pomoc\u0105 <b>\u017cabek<\/b>.<\/p>\n<p><img decoding=\"async\" class=\"wp-image-22238 aligncenter\" src=\"https:\/\/nakarnisze.pl\/wp-content\/uploads\/2023\/09\/400x150-l223-4-1024x1024.jpg\" alt=\"\" width=\"640\" height=\"640\" title=\"\" srcset=\"https:\/\/nakarnisze.pl\/wp-content\/uploads\/2023\/09\/400x150-l223-4-1024x1024.jpg 1024w, https:\/\/nakarnisze.pl\/wp-content\/uploads\/2023\/09\/400x150-l223-4-300x300.jpg 300w, https:\/\/nakarnisze.pl\/wp-content\/uploads\/2023\/09\/400x150-l223-4-150x150.jpg 150w, https:\/\/nakarnisze.pl\/wp-content\/uploads\/2023\/09\/400x150-l223-4-600x600.jpg 600w, https:\/\/nakarnisze.pl\/wp-content\/uploads\/2023\/09\/400x150-l223-4-768x768.jpg 768w, https:\/\/nakarnisze.pl\/wp-content\/uploads\/2023\/09\/400x150-l223-4-1536x1536.jpg 1536w, https:\/\/nakarnisze.pl\/wp-content\/uploads\/2023\/09\/400x150-l223-4-2048x2048.jpg 2048w, https:\/\/nakarnisze.pl\/wp-content\/uploads\/2023\/09\/400x150-l223-4-80x80.jpg 80w\" sizes=\"(max-width: 640px) 100vw, 640px\" \/> <img loading=\"lazy\" decoding=\"async\" class=\"size-large wp-image-22237 aligncenter\" src=\"https:\/\/nakarnisze.pl\/wp-content\/uploads\/2023\/09\/400x150-l223-3-1024x1024.jpg\" alt=\"firana z cyrkoniami\" width=\"640\" height=\"640\" title=\"\" srcset=\"https:\/\/nakarnisze.pl\/wp-content\/uploads\/2023\/09\/400x150-l223-3-1024x1024.jpg 1024w, https:\/\/nakarnisze.pl\/wp-content\/uploads\/2023\/09\/400x150-l223-3-300x300.jpg 300w, https:\/\/nakarnisze.pl\/wp-content\/uploads\/2023\/09\/400x150-l223-3-150x150.jpg 150w, https:\/\/nakarnisze.pl\/wp-content\/uploads\/2023\/09\/400x150-l223-3-600x600.jpg 600w, https:\/\/nakarnisze.pl\/wp-content\/uploads\/2023\/09\/400x150-l223-3-768x768.jpg 768w, https:\/\/nakarnisze.pl\/wp-content\/uploads\/2023\/09\/400x150-l223-3-1536x1536.jpg 1536w, https:\/\/nakarnisze.pl\/wp-content\/uploads\/2023\/09\/400x150-l223-3-2048x2048.jpg 2048w, https:\/\/nakarnisze.pl\/wp-content\/uploads\/2023\/09\/400x150-l223-3-80x80.jpg 80w\" sizes=\"(max-width: 640px) 100vw, 640px\" \/><\/p>\n","protected":false},"excerpt":{"rendered":"<p>FIRANA Z CYRKONIAMI \u0141UK G\u0141ADKA WOAL GOTOWA FIRANA Z CYRKONIAMI W \u0141UK 300&#215;150, 400&#215;150, 500&#215;150 cm Elegancka firana gotowa, stworzona z delikatnego, lekko przezroczystego woalu, prezentuje si\u0119 w formie uroczo ukszta\u0142towanego \u0142uku. Bia\u0142y woal o przyjemnym w dotyku wyko\u0144czeniu wyr\u00f3\u017cnia si\u0119 swoj\u0105 g\u0142adk\u0105 faktur\u0105. To rozwi\u0105zanie, kt\u00f3re nie tylko wpuszcza naturalne \u015bwiat\u0142o do wn\u0119trza, ale tak\u017ce zapewnia mieszka\u0144com prywatno\u015b\u0107. Dodatkowym atutem tej firany s\u0105 subtelne detale &#8211; 6-centymetrowa ta\u015bma ozdobiona cyrkoniami, kt\u00f3re delikatnie migocz\u0105 w \u015bwietle, dodaje jej wyj\u0105tkowego blasku. Specyfikacja: Rozmiar: 300&#215;150, 400&#215;150, 500&#215;150 cm Szeroko\u015b\u0107 (przed zmarszczeniem): 300 cm, 400 cm, 500 cm Szeroko\u015b\u0107 ta\u015bmy z cyrkoniami: 6 cm Wysoko\u015b\u0107 mierzona po brzegach: 150 cm Wysoko\u015b\u0107 na \u015brodku \u0142uku: 110 cm Tkanina: woal Kolor: bia\u0142y Temperatura prania: 30\u00b0C Temperatura prasowania: 110\u00b0C Tolerancja +\/-5 cm Spos\u00f3b zawieszenia firany: Firana jest wyposa\u017cona we wbudowan\u0105 ta\u015bm\u0119 marszcz\u0105c\u0105 i tunel na karnisz. Mo\u017cesz j\u0105 \u0142atwo zawiesi\u0107 na karniszu lub za pomoc\u0105 \u017cabek.<\/p>\n","protected":false},"featured_media":34199,"comment_status":"open","ping_status":"closed","template":"","meta":[],"product_brand":[],"product_cat":[137,552],"product_tag":[],"class_list":{"0":"post-22593","1":"product","2":"type-product","3":"status-publish","4":"has-post-thumbnail","6":"product_cat-firany","7":"product_cat-firany-na-tasmie","8":"product_shipping_class-pl","10":"first","11":"instock","12":"taxable","13":"shipping-taxable","14":"purchasable","15":"product-type-variable"},"jetpack_sharing_enabled":true,"_links":{"self":[{"href":"https:\/\/nakarnisze.pl\/index.php\/wp-json\/wp\/v2\/product\/22593","targetHints":{"allow":["GET"]}}],"collection":[{"href":"https:\/\/nakarnisze.pl\/index.php\/wp-json\/wp\/v2\/product"}],"about":[{"href":"https:\/\/nakarnisze.pl\/index.php\/wp-json\/wp\/v2\/types\/product"}],"replies":[{"embeddable":true,"href":"https:\/\/nakarnisze.pl\/index.php\/wp-json\/wp\/v2\/comments?post=22593"}],"version-history":[{"count":6,"href":"https:\/\/nakarnisze.pl\/index.php\/wp-json\/wp\/v2\/product\/22593\/revisions"}],"predecessor-version":[{"id":34204,"href":"https:\/\/nakarnisze.pl\/index.php\/wp-json\/wp\/v2\/product\/22593\/revisions\/34204"}],"wp:featuredmedia":[{"embeddable":true,"href":"https:\/\/nakarnisze.pl\/index.php\/wp-json\/wp\/v2\/media\/34199"}],"wp:attachment":[{"href":"https:\/\/nakarnisze.pl\/index.php\/wp-json\/wp\/v2\/media?parent=22593"}],"wp:term":[{"taxonomy":"product_brand","embeddable":true,"href":"https:\/\/nakarnisze.pl\/index.php\/wp-json\/wp\/v2\/product_brand?post=22593"},{"taxonomy":"product_cat","embeddable":true,"href":"https:\/\/nakarnisze.pl\/index.php\/wp-json\/wp\/v2\/product_cat?post=22593"},{"taxonomy":"product_tag","embeddable":true,"href":"https:\/\/nakarnisze.pl\/index.php\/wp-json\/wp\/v2\/product_tag?post=22593"}],"curies":[{"name":"wp","href":"https:\/\/api.w.org\/{rel}","templated":true}]}}