{"id":26043,"date":"2024-06-18T10:49:05","date_gmt":"2024-06-18T08:49:05","guid":{"rendered":"https:\/\/nakarnisze.pl\/?post_type=product&#038;p=26043"},"modified":"2025-08-05T21:44:18","modified_gmt":"2025-08-05T19:44:18","slug":"komplet-zaslon-w-liscie-z-firana-z-gipiura","status":"publish","type":"product","link":"https:\/\/nakarnisze.pl\/index.php\/komplet-zaslon-w-liscie-z-firana-z-gipiura\/","title":{"rendered":"KOMPLET ZAS\u0141ON W LI\u015aCIE Z FIRAN\u0104 Z GIPIUR\u0104"},"content":{"rendered":"<h1>KOMPLET ZAS\u0141ON W LI\u015aCIE Z FIRAN\u0104 Z GIPIUR\u0104<\/h1>\n<div class=\"content user-select-text\" tabindex=\"0\" role=\"heading\" aria-level=\"6\" aria-description=\"\" aria-label=\"Wys\u0142ane przez Copilot: Zaprezentuj sw\u00f3j dom w nowym \u015bwietle z Kompletem Zas\u0142on w Li\u015bcie z Firan\u0105 Obszyt\u0105 Gipiur\u0105. Ten zestaw to idealne po\u0142\u0105czenie funkcjonalno\u015bci i eleganckiego designu, kt\u00f3re wprowadzi do Twojego wn\u0119trza naturalny i \u015bwie\u017cy akcent. Zas\u0142ony wykonane s\u0105 z trwa\u0142ego materia\u0142u, kt\u00f3ry doskonale imituje naturaln\u0105 tkanin\u0119, zapewniaj\u0105c przy tym \u0142atwo\u015b\u0107 w piel\u0119gnacji. Motyw li\u015bci dodaje subtelnego uroku i pozwala na stworzenie spokojnej atmosfery w pomieszczeniu. Firana, obszyta wysokiej jako\u015bci gipiur\u0105, stanowi pi\u0119kne uzupe\u0142nienie kompletu. Delikatna i lekka, przepuszcza odpowiedni\u0105 ilo\u015b\u0107 \u015bwiat\u0142a, zachowuj\u0105c jednocze\u015bnie prywatno\u015b\u0107. Ten komplet zas\u0142on jest nie tylko praktycznym, ale r\u00f3wnie\u017c stylowym dodatkiem do ka\u017cdego wn\u0119trza, idealnie komponuj\u0105c si\u0119 zar\u00f3wno z nowoczesnymi, jak i klasycznymi aran\u017cacjami. Wybierz ten zestaw, aby cieszy\u0107 si\u0119 pi\u0119knem i jako\u015bci\u0105 ka\u017cdego dnia.\">\n<div class=\"ac-container ac-adaptiveCard has-image\">\n<div class=\"ac-textBlock\">\n<div class=\"content user-select-text\" tabindex=\"0\" role=\"heading\" aria-level=\"6\" aria-description=\"\" aria-label=\"Wys\u0142ane przez Copilot: Zaprezentuj sw\u00f3j dom w nowym \u015bwietle z Kompletem Zas\u0142on w Li\u015bcie z Firan\u0105 Obszyt\u0105 Gipiur\u0105. Ten zestaw to idealne po\u0142\u0105czenie funkcjonalno\u015bci i eleganckiego designu, kt\u00f3re wprowadzi do Twojego wn\u0119trza naturalny i \u015bwie\u017cy akcent. Zas\u0142ony wykonane s\u0105 z trwa\u0142ego materia\u0142u, kt\u00f3ry doskonale imituje naturaln\u0105 tkanin\u0119, zapewniaj\u0105c przy tym \u0142atwo\u015b\u0107 w piel\u0119gnacji. Motyw li\u015bci dodaje subtelnego uroku i pozwala na stworzenie spokojnej atmosfery w pomieszczeniu. Firana, obszyta wysokiej jako\u015bci gipiur\u0105, stanowi pi\u0119kne uzupe\u0142nienie kompletu. Delikatna i lekka, przepuszcza odpowiedni\u0105 ilo\u015b\u0107 \u015bwiat\u0142a, zachowuj\u0105c jednocze\u015bnie prywatno\u015b\u0107. Ten komplet zas\u0142on jest nie tylko praktycznym, ale r\u00f3wnie\u017c stylowym dodatkiem do ka\u017cdego wn\u0119trza, idealnie komponuj\u0105c si\u0119 zar\u00f3wno z nowoczesnymi, jak i klasycznymi aran\u017cacjami. Wybierz ten zestaw, aby cieszy\u0107 si\u0119 pi\u0119knem i jako\u015bci\u0105 ka\u017cdego dnia.\">\n<div class=\"ac-container ac-adaptiveCard has-image\">\n<div class=\"content user-select-text\" tabindex=\"0\" role=\"heading\" aria-level=\"6\" aria-description=\"\" aria-label=\"Wys\u0142ane przez Copilot: Zaprezentuj sw\u00f3j dom w nowym \u015bwietle z Kompletem Zas\u0142on w Li\u015bcie z Firan\u0105 Obszyt\u0105 Gipiur\u0105. Ten zestaw to idealne po\u0142\u0105czenie funkcjonalno\u015bci i eleganckiego designu, kt\u00f3re wprowadzi do Twojego wn\u0119trza naturalny i \u015bwie\u017cy akcent. Zas\u0142ony wykonane s\u0105 z trwa\u0142ego materia\u0142u, kt\u00f3ry doskonale imituje naturaln\u0105 tkanin\u0119, zapewniaj\u0105c przy tym \u0142atwo\u015b\u0107 w piel\u0119gnacji. Motyw li\u015bci dodaje subtelnego uroku i pozwala na stworzenie spokojnej atmosfery w pomieszczeniu. Firana, obszyta wysokiej jako\u015bci gipiur\u0105, stanowi pi\u0119kne uzupe\u0142nienie kompletu. Delikatna i lekka, przepuszcza odpowiedni\u0105 ilo\u015b\u0107 \u015bwiat\u0142a, zachowuj\u0105c jednocze\u015bnie prywatno\u015b\u0107. Ten komplet zas\u0142on jest nie tylko praktycznym, ale r\u00f3wnie\u017c stylowym dodatkiem do ka\u017cdego wn\u0119trza, idealnie komponuj\u0105c si\u0119 zar\u00f3wno z nowoczesnymi, jak i klasycznymi aran\u017cacjami. Wybierz ten zestaw, aby cieszy\u0107 si\u0119 pi\u0119knem i jako\u015bci\u0105 ka\u017cdego dnia.\">\n<div class=\"ac-container ac-adaptiveCard has-image\">\n<div class=\"ac-textBlock\">\n<p>KOMPLET ZAS\u0141ON W LI\u015aCIE Z FIRAN\u0104 Z GIPIUR\u0104 to wyj\u0105tkowy zestaw, kt\u00f3ry \u0142\u0105czy <strong>\u015bwie\u017co\u015b\u0107<\/strong> natury z <strong>subtelno\u015bci\u0105<\/strong>. Dwie zas\u0142ony o szeroko\u015bci <strong>150 cm<\/strong> i wysoko\u015bci <strong>250 cm<\/strong> oraz firana o szeroko\u015bci<strong> 400 cm<\/strong> i wysoko\u015bci <strong>245 cm<\/strong> dodadz\u0105 <strong>uroku<\/strong> ka\u017cdemu wn\u0119trzu. Pasuj\u0105 na karnisz o szeroko\u015bci od <strong>180 cm<\/strong> do <strong>350 cm<\/strong>. Pranie w temperaturze <strong>30\u00b0C<\/strong>, prasowanie w 110\u00b0C.<\/p>\n<p>Ten zestaw to idealne po\u0142\u0105czenie <strong>funkcjonalno\u015bci<\/strong> i <strong>eleganckiego designu<\/strong>, kt\u00f3re wprowadzi do Twojego wn\u0119trza naturalny i <strong>\u015bwie\u017cy akcent<\/strong>.<\/p>\n<p>Zas\u0142ony wykonane s\u0105 z trwa\u0142ego materia\u0142u, kt\u00f3ry doskonale imituje naturaln\u0105 tkanin\u0119, zapewniaj\u0105c przy tym \u0142atwo\u015b\u0107 w piel\u0119gnacji. <strong>Motyw li\u015bci<\/strong> dodaje subtelnego uroku i pozwala na stworzenie spokojnej atmosfery w pomieszczeniu.<\/p>\n<p>Firana, obszyta <strong>wysokiej jako\u015bci<\/strong> gipiur\u0105, stanowi <strong>pi\u0119kne<\/strong> uzupe\u0142nienie kompletu. <strong>Delikatna<\/strong> i <strong>lekka<\/strong>, przepuszcza odpowiedni\u0105 ilo\u015b\u0107 \u015bwiat\u0142a, zachowuj\u0105c jednocze\u015bnie <strong>prywatno\u015b\u0107<\/strong>.<\/p>\n<p>Ten komplet zas\u0142on jest nie tylko <strong>praktycznym<\/strong>, ale r\u00f3wnie\u017c <strong>stylowym<\/strong> dodatkiem do ka\u017cdego wn\u0119trza, <strong>idealnie komponuj\u0105c<\/strong> si\u0119 zar\u00f3wno z <strong>nowoczesnymi<\/strong>, jak i <strong>klasycznymi<\/strong> aran\u017cacjami. Wybierz ten zestaw, aby cieszy\u0107 si\u0119 pi\u0119knem i jako\u015bci\u0105 ka\u017cdego dnia.<\/p>\n<p><strong>Specyfikacja<\/strong>:<\/p>\n<\/div>\n<\/div>\n<\/div>\n<\/div>\n<\/div>\n<\/div>\n<div class=\"ac-textBlock\">\n<div class=\"content user-select-text\" tabindex=\"0\" role=\"heading\" aria-level=\"6\" aria-description=\"\" aria-label=\"Wys\u0142ane przez Copilot: Zaprezentuj sw\u00f3j dom w nowym \u015bwietle z Kompletem Zas\u0142on w Li\u015bcie z Firan\u0105 Obszyt\u0105 Gipiur\u0105. Ten zestaw to idealne po\u0142\u0105czenie funkcjonalno\u015bci i eleganckiego designu, kt\u00f3re wprowadzi do Twojego wn\u0119trza naturalny i \u015bwie\u017cy akcent. Zas\u0142ony wykonane s\u0105 z trwa\u0142ego materia\u0142u, kt\u00f3ry doskonale imituje naturaln\u0105 tkanin\u0119, zapewniaj\u0105c przy tym \u0142atwo\u015b\u0107 w piel\u0119gnacji. Motyw li\u015bci dodaje subtelnego uroku i pozwala na stworzenie spokojnej atmosfery w pomieszczeniu. Firana, obszyta wysokiej jako\u015bci gipiur\u0105, stanowi pi\u0119kne uzupe\u0142nienie kompletu. Delikatna i lekka, przepuszcza odpowiedni\u0105 ilo\u015b\u0107 \u015bwiat\u0142a, zachowuj\u0105c jednocze\u015bnie prywatno\u015b\u0107. Ten komplet zas\u0142on jest nie tylko praktycznym, ale r\u00f3wnie\u017c stylowym dodatkiem do ka\u017cdego wn\u0119trza, idealnie komponuj\u0105c si\u0119 zar\u00f3wno z nowoczesnymi, jak i klasycznymi aran\u017cacjami. Wybierz ten zestaw, aby cieszy\u0107 si\u0119 pi\u0119knem i jako\u015bci\u0105 ka\u017cdego dnia.\">\n<div class=\"ac-container ac-adaptiveCard has-image\">\n<div class=\"content user-select-text\" tabindex=\"0\" role=\"heading\" aria-level=\"6\" aria-description=\"\" aria-label=\"Wys\u0142ane przez Copilot: Zaprezentuj sw\u00f3j dom w nowym \u015bwietle z Kompletem Zas\u0142on w Li\u015bcie z Firan\u0105 Obszyt\u0105 Gipiur\u0105. Ten zestaw to idealne po\u0142\u0105czenie funkcjonalno\u015bci i eleganckiego designu, kt\u00f3re wprowadzi do Twojego wn\u0119trza naturalny i \u015bwie\u017cy akcent. Zas\u0142ony wykonane s\u0105 z trwa\u0142ego materia\u0142u, kt\u00f3ry doskonale imituje naturaln\u0105 tkanin\u0119, zapewniaj\u0105c przy tym \u0142atwo\u015b\u0107 w piel\u0119gnacji. Motyw li\u015bci dodaje subtelnego uroku i pozwala na stworzenie spokojnej atmosfery w pomieszczeniu. Firana, obszyta wysokiej jako\u015bci gipiur\u0105, stanowi pi\u0119kne uzupe\u0142nienie kompletu. Delikatna i lekka, przepuszcza odpowiedni\u0105 ilo\u015b\u0107 \u015bwiat\u0142a, zachowuj\u0105c jednocze\u015bnie prywatno\u015b\u0107. Ten komplet zas\u0142on jest nie tylko praktycznym, ale r\u00f3wnie\u017c stylowym dodatkiem do ka\u017cdego wn\u0119trza, idealnie komponuj\u0105c si\u0119 zar\u00f3wno z nowoczesnymi, jak i klasycznymi aran\u017cacjami. Wybierz ten zestaw, aby cieszy\u0107 si\u0119 pi\u0119knem i jako\u015bci\u0105 ka\u017cdego dnia.\">\n<div class=\"ac-container ac-adaptiveCard has-image\">\n<p><b>Zas\u0142ony (2szt):\u00a0<\/b>szeroko\u015b\u0107: 150 cm, wysoko\u015b\u0107: 250 cm<\/p>\n<p><b>Firana:<\/b>\u00a0szeroko\u015b\u0107: 400 cm, wysoko\u015b\u0107: 245 cm<\/p>\n<p><b>Tasiemki do upi\u0119cia firan (2szt.)<\/b><\/p>\n<ul>\n<li>Sk\u0142ad: <b>100% poliester<\/b><\/li>\n<li>Spos\u00f3b monta\u017cu: <b>\u017cabki, karnisz rurkowy<\/b><\/li>\n<li>Pasuje na karnisz: od <strong>180<\/strong> do <strong>350<\/strong> cm szeroko\u015bci<\/li>\n<li>Temp. prania: 30\u00b0C<\/li>\n<li>Temp. prasowania: 110\u00b0C<\/li>\n<\/ul>\n<\/div>\n<\/div>\n<\/div>\n<\/div>\n<\/div>\n<\/div>\n<\/div>\n","protected":false},"excerpt":{"rendered":"<p>KOMPLET ZAS\u0141ON W LI\u015aCIE Z FIRAN\u0104 Z GIPIUR\u0104 KOMPLET ZAS\u0141ON W LI\u015aCIE Z FIRAN\u0104 Z GIPIUR\u0104 to wyj\u0105tkowy zestaw, kt\u00f3ry \u0142\u0105czy \u015bwie\u017co\u015b\u0107 natury z subtelno\u015bci\u0105. Dwie zas\u0142ony o szeroko\u015bci 150 cm i wysoko\u015bci 250 cm oraz firana o szeroko\u015bci 400 cm i wysoko\u015bci 245 cm dodadz\u0105 uroku ka\u017cdemu wn\u0119trzu. Pasuj\u0105 na karnisz o szeroko\u015bci od 180 cm do 350 cm. Pranie w temperaturze 30\u00b0C, prasowanie w 110\u00b0C. Ten zestaw to idealne po\u0142\u0105czenie funkcjonalno\u015bci i eleganckiego designu, kt\u00f3re wprowadzi do Twojego wn\u0119trza naturalny i \u015bwie\u017cy akcent. Zas\u0142ony wykonane s\u0105 z trwa\u0142ego materia\u0142u, kt\u00f3ry doskonale imituje naturaln\u0105 tkanin\u0119, zapewniaj\u0105c przy tym \u0142atwo\u015b\u0107 w piel\u0119gnacji. Motyw li\u015bci dodaje subtelnego uroku i pozwala na stworzenie spokojnej atmosfery w pomieszczeniu. Firana, obszyta wysokiej jako\u015bci gipiur\u0105, stanowi pi\u0119kne uzupe\u0142nienie kompletu. Delikatna i lekka, przepuszcza odpowiedni\u0105 ilo\u015b\u0107 \u015bwiat\u0142a, zachowuj\u0105c jednocze\u015bnie prywatno\u015b\u0107. Ten komplet zas\u0142on jest nie tylko praktycznym, ale r\u00f3wnie\u017c stylowym dodatkiem do ka\u017cdego wn\u0119trza, idealnie komponuj\u0105c si\u0119 zar\u00f3wno z nowoczesnymi, jak i klasycznymi aran\u017cacjami. Wybierz ten zestaw, aby cieszy\u0107 si\u0119 pi\u0119knem i jako\u015bci\u0105 ka\u017cdego dnia. Specyfikacja: Zas\u0142ony (2szt):\u00a0szeroko\u015b\u0107: 150 cm, wysoko\u015b\u0107: 250 cm Firana:\u00a0szeroko\u015b\u0107: 400 cm, wysoko\u015b\u0107: 245 cm Tasiemki do upi\u0119cia firan (2szt.) Sk\u0142ad: 100% poliester Spos\u00f3b monta\u017cu: \u017cabki, karnisz rurkowy Pasuje na karnisz: od 180 do 350 cm szeroko\u015bci Temp. prania: 30\u00b0C Temp. prasowania: 110\u00b0C<\/p>\n","protected":false},"featured_media":26044,"comment_status":"closed","ping_status":"closed","template":"","meta":[],"product_brand":[],"product_cat":[137],"product_tag":[],"class_list":{"0":"post-26043","1":"product","2":"type-product","3":"status-publish","4":"has-post-thumbnail","6":"product_cat-firany","8":"first","9":"onbackorder","10":"taxable","11":"shipping-taxable","12":"purchasable","13":"product-type-variable","14":"has-default-attributes"},"jetpack_sharing_enabled":true,"_links":{"self":[{"href":"https:\/\/nakarnisze.pl\/index.php\/wp-json\/wp\/v2\/product\/26043","targetHints":{"allow":["GET"]}}],"collection":[{"href":"https:\/\/nakarnisze.pl\/index.php\/wp-json\/wp\/v2\/product"}],"about":[{"href":"https:\/\/nakarnisze.pl\/index.php\/wp-json\/wp\/v2\/types\/product"}],"replies":[{"embeddable":true,"href":"https:\/\/nakarnisze.pl\/index.php\/wp-json\/wp\/v2\/comments?post=26043"}],"version-history":[{"count":2,"href":"https:\/\/nakarnisze.pl\/index.php\/wp-json\/wp\/v2\/product\/26043\/revisions"}],"predecessor-version":[{"id":26227,"href":"https:\/\/nakarnisze.pl\/index.php\/wp-json\/wp\/v2\/product\/26043\/revisions\/26227"}],"wp:featuredmedia":[{"embeddable":true,"href":"https:\/\/nakarnisze.pl\/index.php\/wp-json\/wp\/v2\/media\/26044"}],"wp:attachment":[{"href":"https:\/\/nakarnisze.pl\/index.php\/wp-json\/wp\/v2\/media?parent=26043"}],"wp:term":[{"taxonomy":"product_brand","embeddable":true,"href":"https:\/\/nakarnisze.pl\/index.php\/wp-json\/wp\/v2\/product_brand?post=26043"},{"taxonomy":"product_cat","embeddable":true,"href":"https:\/\/nakarnisze.pl\/index.php\/wp-json\/wp\/v2\/product_cat?post=26043"},{"taxonomy":"product_tag","embeddable":true,"href":"https:\/\/nakarnisze.pl\/index.php\/wp-json\/wp\/v2\/product_tag?post=26043"}],"curies":[{"name":"wp","href":"https:\/\/api.w.org\/{rel}","templated":true}]}}