{"id":26238,"date":"2024-07-01T22:16:34","date_gmt":"2024-07-01T20:16:34","guid":{"rendered":"https:\/\/nakarnisze.pl\/?post_type=product&#038;p=26238"},"modified":"2025-12-12T10:36:50","modified_gmt":"2025-12-12T08:36:50","slug":"firana-woalowa-szyta-w-luk-z-koralikami-400x155-cm","status":"publish","type":"product","link":"https:\/\/nakarnisze.pl\/index.php\/firana-woalowa-szyta-w-luk-z-koralikami-400x155-cm\/","title":{"rendered":"FIRANA WOALOWA SZYTA W \u0141UK Z KORALIKAMI 400X155 CM"},"content":{"rendered":"<h1>FIRANA WOALOWA SZYTA W \u0141UK Z KORALIKAMI 400X155 CM<\/h1>\n<div class=\"content user-select-text\" tabindex=\"0\" role=\"heading\" aria-level=\"6\" aria-description=\"\" aria-label=\"Wys\u0142ane przez Copilot: Gotowa firana **Glamour** o wymiarach 400 cm x 155 cm to elegancki dodatek do Twojego wn\u0119trza. Wykonana z delikatnego woalu, prezentuje si\u0119 wyj\u0105tkowo. Firana jest uszyta w formie \u0142uku, a dolny brzeg zdobi ta\u015bma z przezroczystymi koralikami[^4^]. **Woal** to cienka, mleczno-prze\u015bwituj\u0105ca tkanina, kt\u00f3ra doskonale przepuszcza \u015bwiat\u0142o dzienne, zachowuj\u0105c jednocze\u015bnie prywatno\u015b\u0107 w pomieszczeniu[^2^]. Jej g\u0142adka faktura i subtelne zdobienie koralikami sprawiaj\u0105, \u017ce pasuje zar\u00f3wno do kuchni, sypialni, jak i salonu. To idealny wyb\u00f3r dla tych, kt\u00f3rzy ceni\u0105 sobie elegancj\u0119 i wyrafinowanie w wystroju wn\u0119trza. \ud83c\udf1f\">\n<div class=\"ac-container ac-adaptiveCard has-image\">\n<div class=\"ac-textBlock\">\n<p>Firana <strong>woalowa szyta w \u0142uk z koralikami<\/strong> o wymiarach <strong>400&#215;155 cm<\/strong> to elegancki dodatek do Twojego wn\u0119trza. Wykonana z <strong>delikatnego woalu<\/strong>, kt\u00f3ry doskonale przepuszcza \u015bwiat\u0142o dzienne zachowuj\u0105c jednocze\u015bnie prywatno\u015b\u0107 w pomieszczeniu. Zosta\u0142a uszyta w formie<strong> \u0142uku<\/strong>, a dolny brzeg zdobi <strong>ta\u015bma z koralikami<\/strong>.<\/p>\n<div class=\"ac-textBlock\">\n<p>Jej <strong>g\u0142adka faktura<\/strong> i subtelne <strong>zdobienie koralikami<\/strong> sprawiaj\u0105, \u017ce pasuje zar\u00f3wno do kuchni, sypialni, jak i salonu. To idealny wyb\u00f3r dla tych, kt\u00f3rzy ceni\u0105 sobie elegancj\u0119 i wyrafinowanie w wystroju wn\u0119trza.<\/p>\n<p><span style=\"letter-spacing: 0px;\">U g\u00f3ry posiada wszyt\u0105<\/span><strong style=\"letter-spacing: 0px;\"> ta\u015bm\u0119 marszcz\u0105c\u0105<\/strong><span style=\"letter-spacing: 0px;\">, kt\u00f3ra pozwala na dowolne marszczenie firanki przez co bez trudu mo\u017cna dopasowa\u0107 j\u0105 do karnisza. Komplet pasuje na karnisz o szeroko\u015bci <\/span><strong style=\"letter-spacing: 0px;\">200 &#8211; 250 cm.<\/strong><\/p>\n<\/div>\n<p><strong>Specyfikacja:<\/strong><\/p>\n<ul>\n<li>Szeroko\u015b\u0107: <strong>400 cm<\/strong> (przed umarszczeniem)<\/li>\n<li>Wysoko\u015b\u0107: <strong>155 cm<\/strong><\/li>\n<li>Materia\u0142: <strong>woal<\/strong><\/li>\n<li>Kolor ta\u015bmy z koralikami: <strong>bia\u0142y, czarny<\/strong><\/li>\n<li>Sk\u0142ad: 100% poliester<\/li>\n<\/ul>\n<\/div>\n<div class=\"ac-horizontal-separator\" aria-hidden=\"true\"><\/div>\n<\/div>\n<div class=\"ad-container\"><\/div>\n<\/div>\n","protected":false},"excerpt":{"rendered":"<p>FIRANA WOALOWA SZYTA W \u0141UK Z KORALIKAMI 400X155 CM Firana woalowa szyta w \u0142uk z koralikami o wymiarach 400&#215;155 cm to elegancki dodatek do Twojego wn\u0119trza. Wykonana z delikatnego woalu, kt\u00f3ry doskonale przepuszcza \u015bwiat\u0142o dzienne zachowuj\u0105c jednocze\u015bnie prywatno\u015b\u0107 w pomieszczeniu. Zosta\u0142a uszyta w formie \u0142uku, a dolny brzeg zdobi ta\u015bma z koralikami. Jej g\u0142adka faktura i subtelne zdobienie koralikami sprawiaj\u0105, \u017ce pasuje zar\u00f3wno do kuchni, sypialni, jak i salonu. To idealny wyb\u00f3r dla tych, kt\u00f3rzy ceni\u0105 sobie elegancj\u0119 i wyrafinowanie w wystroju wn\u0119trza. U g\u00f3ry posiada wszyt\u0105 ta\u015bm\u0119 marszcz\u0105c\u0105, kt\u00f3ra pozwala na dowolne marszczenie firanki przez co bez trudu mo\u017cna dopasowa\u0107 j\u0105 do karnisza. Komplet pasuje na karnisz o szeroko\u015bci 200 &#8211; 250 cm. Specyfikacja: Szeroko\u015b\u0107: 400 cm (przed umarszczeniem) Wysoko\u015b\u0107: 155 cm Materia\u0142: woal Kolor ta\u015bmy z koralikami: bia\u0142y, czarny Sk\u0142ad: 100% poliester<\/p>\n","protected":false},"featured_media":26249,"comment_status":"closed","ping_status":"closed","template":"","meta":[],"product_brand":[],"product_cat":[137,552],"product_tag":[],"class_list":{"0":"post-26238","1":"product","2":"type-product","3":"status-publish","4":"has-post-thumbnail","6":"product_cat-firany","7":"product_cat-firany-na-tasmie","8":"product_shipping_class-pl","10":"first","11":"instock","12":"taxable","13":"shipping-taxable","14":"purchasable","15":"product-type-variable","16":"has-default-attributes"},"jetpack_sharing_enabled":true,"_links":{"self":[{"href":"https:\/\/nakarnisze.pl\/index.php\/wp-json\/wp\/v2\/product\/26238","targetHints":{"allow":["GET"]}}],"collection":[{"href":"https:\/\/nakarnisze.pl\/index.php\/wp-json\/wp\/v2\/product"}],"about":[{"href":"https:\/\/nakarnisze.pl\/index.php\/wp-json\/wp\/v2\/types\/product"}],"replies":[{"embeddable":true,"href":"https:\/\/nakarnisze.pl\/index.php\/wp-json\/wp\/v2\/comments?post=26238"}],"version-history":[{"count":5,"href":"https:\/\/nakarnisze.pl\/index.php\/wp-json\/wp\/v2\/product\/26238\/revisions"}],"predecessor-version":[{"id":26256,"href":"https:\/\/nakarnisze.pl\/index.php\/wp-json\/wp\/v2\/product\/26238\/revisions\/26256"}],"wp:featuredmedia":[{"embeddable":true,"href":"https:\/\/nakarnisze.pl\/index.php\/wp-json\/wp\/v2\/media\/26249"}],"wp:attachment":[{"href":"https:\/\/nakarnisze.pl\/index.php\/wp-json\/wp\/v2\/media?parent=26238"}],"wp:term":[{"taxonomy":"product_brand","embeddable":true,"href":"https:\/\/nakarnisze.pl\/index.php\/wp-json\/wp\/v2\/product_brand?post=26238"},{"taxonomy":"product_cat","embeddable":true,"href":"https:\/\/nakarnisze.pl\/index.php\/wp-json\/wp\/v2\/product_cat?post=26238"},{"taxonomy":"product_tag","embeddable":true,"href":"https:\/\/nakarnisze.pl\/index.php\/wp-json\/wp\/v2\/product_tag?post=26238"}],"curies":[{"name":"wp","href":"https:\/\/api.w.org\/{rel}","templated":true}]}}