{"id":26306,"date":"2024-07-05T22:30:52","date_gmt":"2024-07-05T20:30:52","guid":{"rendered":"https:\/\/nakarnisze.pl\/?post_type=product&#038;p=26306"},"modified":"2025-12-12T00:24:28","modified_gmt":"2025-12-11T22:24:28","slug":"komplet-dwoch-firan-zakardowych-z-pomponikami-140x250-cm","status":"publish","type":"product","link":"https:\/\/nakarnisze.pl\/index.php\/komplet-dwoch-firan-zakardowych-z-pomponikami-140x250-cm\/","title":{"rendered":"KOMPLET DW\u00d3CH FIRAN \u017bAKARDOWYCH Z POMPONIKAMI 140X250 CM"},"content":{"rendered":"<h1>KOMPLET DW\u00d3CH FIRAN \u017bAKARDOWYCH Z POMPONIKAMI 140X250 CM<\/h1>\n<div class=\"content user-select-text\" role=\"heading\" aria-label=\"Wys\u0142ane przez Copilot: Gotowy **komplet dw\u00f3ch firan \u017cakardowych** o wymiarach 140 cm x 250 cm to wyj\u0105tkowy element dekoracyjny, kt\u00f3ry dodaje Twojej przestrzeni elegancji, stylu i subtelnego uroku. Wykonane z lekkiego i trwa\u0142ego materia\u0142u \u017cakardowego, firany pi\u0119knie uk\u0142adaj\u0105 si\u0119 na oknie, tworz\u0105c eleganck\u0105 dekoracj\u0119. Wz\u00f3r \u017cakardu nadaje im wyj\u0105tkowego charakteru, a pomponiki na kraw\u0119dziach dodaj\u0105 lekko\u015bci i zwiewno\u015bci. To nie tylko funkcjonalne okno ozdobione firanami, ale r\u00f3wnie\u017c wyraz Twojego gustu i dba\u0142o\u015bci o detale, kt\u00f3re nadaj\u0105 pomieszczeniu wyj\u0105tkowy charakter. ?[^1^] [^2^]\">\n<div class=\"ac-container ac-adaptiveCard has-image\">\n<div class=\"ac-textBlock\">\n<p>Gotowy <strong>komplet dw\u00f3ch<\/strong> firan dekoracyjnych o wymiarach <strong>140&#215;250 cm<\/strong>,\u00a0zosta\u0142 uszyty z przyjemnego w dotyku i mi\u0119kkiego <strong style=\"letter-spacing: 0px\">materia\u0142u \u017cakardowego<\/strong><span style=\"letter-spacing: 0px\"> w <\/span><span style=\"letter-spacing: 0px\">kolorze <strong>bia\u0142ym (ciep\u0142ym)<\/strong>. Brzegi udekorowane zosta\u0142y eleganck\u0105 i delikatn\u0105 <strong>tasiemk\u0105 z pomponikami<\/strong>. Zestaw skutecznie ogranicza nadmiar \u015bwiat\u0142a s\u0142onecznego. Firany sprawdz\u0105 si\u0119 jako uzupe\u0142nienie aran\u017cacji okna w stylu romantycznym i nowoczesnym. Posiadaj\u0105 wszyt\u0105 od wewn\u0105trz <strong>ta\u015bm\u0119 marszcz\u0105c\u0105 oraz tunel na karnisz rurkowy<\/strong>. Mo\u017cna je bezpo\u015brednio zawiesi\u0107 na <strong>karniszu rurkowym lub na \u017cabkach<\/strong>. To wyj\u0105tkowy element dekoracyjny, kt\u00f3ry doda Twojej przestrzeni elegancji, stylu i subtelnego uroku.<\/span><\/p>\n<p><strong>Cena dotyczy 1 kompletu (2szt)<\/strong><\/p>\n<p><strong>Specyfikacja:<\/strong><\/p>\n<ul>\n<li>Szeroko\u015b\u0107: <strong>140 cm<\/strong><\/li>\n<li>Wysoko\u015b\u0107:<strong> 250 cm<\/strong><\/li>\n<li>Materia\u0142: <strong>\u017cakardowy<\/strong><\/li>\n<li>Kolor: bia\u0142y <strong>(ciep\u0142y odcie\u0144)<\/strong><\/li>\n<li>Sk\u0142ad: 100% poliester<\/li>\n<li>Spos\u00f3b monta\u017cu: <strong>ta\u015bma marszcz\u0105ca &#8211; \u017cabki, haczyki, karnisz rurkowy<\/strong><\/li>\n<li>W zestawie: <strong>dwie z\u0142ote tasiemki z cyrkoniami<\/strong> do upi\u0119cia firan<\/li>\n<\/ul>\n<\/div>\n<\/div>\n<\/div>\n","protected":false},"excerpt":{"rendered":"<p>KOMPLET DW\u00d3CH FIRAN \u017bAKARDOWYCH Z POMPONIKAMI 140X250 CM Gotowy komplet dw\u00f3ch firan dekoracyjnych o wymiarach 140&#215;250 cm,\u00a0zosta\u0142 uszyty z przyjemnego w dotyku i mi\u0119kkiego materia\u0142u \u017cakardowego w kolorze bia\u0142ym (ciep\u0142ym). Brzegi udekorowane zosta\u0142y eleganck\u0105 i delikatn\u0105 tasiemk\u0105 z pomponikami. Zestaw skutecznie ogranicza nadmiar \u015bwiat\u0142a s\u0142onecznego. Firany sprawdz\u0105 si\u0119 jako uzupe\u0142nienie aran\u017cacji okna w stylu romantycznym i nowoczesnym. Posiadaj\u0105 wszyt\u0105 od wewn\u0105trz ta\u015bm\u0119 marszcz\u0105c\u0105 oraz tunel na karnisz rurkowy. Mo\u017cna je bezpo\u015brednio zawiesi\u0107 na karniszu rurkowym lub na \u017cabkach. To wyj\u0105tkowy element dekoracyjny, kt\u00f3ry doda Twojej przestrzeni elegancji, stylu i subtelnego uroku. Cena dotyczy 1 kompletu (2szt) Specyfikacja: Szeroko\u015b\u0107: 140 cm Wysoko\u015b\u0107: 250 cm Materia\u0142: \u017cakardowy Kolor: bia\u0142y (ciep\u0142y odcie\u0144) Sk\u0142ad: 100% poliester Spos\u00f3b monta\u017cu: ta\u015bma marszcz\u0105ca &#8211; \u017cabki, haczyki, karnisz rurkowy W zestawie: dwie z\u0142ote tasiemki z cyrkoniami do upi\u0119cia firan<\/p>\n","protected":false},"featured_media":33848,"comment_status":"closed","ping_status":"closed","template":"","meta":[],"product_brand":[],"product_cat":[137],"product_tag":[],"class_list":{"0":"post-26306","1":"product","2":"type-product","3":"status-publish","4":"has-post-thumbnail","6":"product_cat-firany","7":"product_shipping_class-pl","9":"first","10":"onbackorder","11":"taxable","12":"shipping-taxable","13":"purchasable","14":"product-type-simple"},"jetpack_sharing_enabled":true,"_links":{"self":[{"href":"https:\/\/nakarnisze.pl\/index.php\/wp-json\/wp\/v2\/product\/26306","targetHints":{"allow":["GET"]}}],"collection":[{"href":"https:\/\/nakarnisze.pl\/index.php\/wp-json\/wp\/v2\/product"}],"about":[{"href":"https:\/\/nakarnisze.pl\/index.php\/wp-json\/wp\/v2\/types\/product"}],"replies":[{"embeddable":true,"href":"https:\/\/nakarnisze.pl\/index.php\/wp-json\/wp\/v2\/comments?post=26306"}],"version-history":[{"count":5,"href":"https:\/\/nakarnisze.pl\/index.php\/wp-json\/wp\/v2\/product\/26306\/revisions"}],"predecessor-version":[{"id":33851,"href":"https:\/\/nakarnisze.pl\/index.php\/wp-json\/wp\/v2\/product\/26306\/revisions\/33851"}],"wp:featuredmedia":[{"embeddable":true,"href":"https:\/\/nakarnisze.pl\/index.php\/wp-json\/wp\/v2\/media\/33848"}],"wp:attachment":[{"href":"https:\/\/nakarnisze.pl\/index.php\/wp-json\/wp\/v2\/media?parent=26306"}],"wp:term":[{"taxonomy":"product_brand","embeddable":true,"href":"https:\/\/nakarnisze.pl\/index.php\/wp-json\/wp\/v2\/product_brand?post=26306"},{"taxonomy":"product_cat","embeddable":true,"href":"https:\/\/nakarnisze.pl\/index.php\/wp-json\/wp\/v2\/product_cat?post=26306"},{"taxonomy":"product_tag","embeddable":true,"href":"https:\/\/nakarnisze.pl\/index.php\/wp-json\/wp\/v2\/product_tag?post=26306"}],"curies":[{"name":"wp","href":"https:\/\/api.w.org\/{rel}","templated":true}]}}