{"id":26417,"date":"2024-07-16T10:56:14","date_gmt":"2024-07-16T08:56:14","guid":{"rendered":"https:\/\/nakarnisze.pl\/?post_type=product&#038;p=26417"},"modified":"2026-05-12T17:15:48","modified_gmt":"2026-05-12T15:15:48","slug":"firana-gotowa-z-metalizowana-zlota-nitka-na-przelotkach","status":"publish","type":"product","link":"https:\/\/nakarnisze.pl\/index.php\/firana-gotowa-z-metalizowana-zlota-nitka-na-przelotkach\/","title":{"rendered":"FIRANA GOTOWA Z METALIZOWAN\u0104 Z\u0141OT\u0104 NITK\u0104 NA PRZELOTKACH"},"content":{"rendered":"<h1>FIRANA GOTOWA Z METALIZOWAN\u0104 Z\u0141OT\u0104 NITK\u0104 NA PRZELOTKACH<\/h1>\n<p>Firana gotowa z <strong>metalizowan\u0105 z\u0142ot\u0105 nitk\u0105 na przelotkach<\/strong> to elegancki dodatek do Twojego wn\u0119trza. Wykonana jest z tkaniny zdobionej <strong>z\u0142ot\u0105 nici\u0105<\/strong>, co nadaje jej wyj\u0105tkowego blasku. Kolor firany to <strong>krem<\/strong> <strong>z elementami z\u0142otej nitki<\/strong>. Posiada 8 uniwersalnych metalowych przelotek w kolorze <strong>srebrnym<\/strong>. Styl firany jest nowoczesny, a g\u0142adka faktura idealnie wpasowuje si\u0119 w r\u00f3\u017cne wn\u0119trza. Firana ta doskonale sprawdzi si\u0119 w mieszkania w stylu nowoczesnym, skandynawskim, industrialnym lub klasycznym glamour.<\/p>\n<p><strong>Specyfikacja:<\/strong><\/p>\n<ul>\n<li>Szeroko\u015b\u0107: <strong>140 cm &#8211; szeroko\u015b\u0107 ca\u0142kowita firany<\/strong><\/li>\n<li>D\u0142ugo\u015b\u0107: <strong>150, 155, 160, 165, 170, 175, 180, 185, 190, 195, 200, 205, 210, 215, 220, 225, 230, 235. 240, 245, 250 cm &#8211; d\u0142ugo\u015b\u0107 ca\u0142kowita firany<\/strong><\/li>\n<li>Tkanina: <strong>zdobiona z\u0142ot\u0105 nici\u0105<\/strong><\/li>\n<li>Kolor: <strong>krem z elementami z\u0142otej nitki<\/strong><\/li>\n<li>Spos\u00f3b zawieszenia: metalowe przelotki w kolorze srebrnym &#8211; <strong>8 przelotek<\/strong><\/li>\n<li>Sk\u0142ad: 100% poliester<\/li>\n<\/ul>\n<p><strong>CENA DOTYCZY 1 SZT<\/strong><\/p>\n","protected":false},"excerpt":{"rendered":"<p>FIRANA GOTOWA Z METALIZOWAN\u0104 Z\u0141OT\u0104 NITK\u0104 NA PRZELOTKACH Firana gotowa z metalizowan\u0105 z\u0142ot\u0105 nitk\u0105 na przelotkach to elegancki dodatek do Twojego wn\u0119trza. Wykonana jest z tkaniny zdobionej z\u0142ot\u0105 nici\u0105, co nadaje jej wyj\u0105tkowego blasku. Kolor firany to krem z elementami z\u0142otej nitki. Posiada 8 uniwersalnych metalowych przelotek w kolorze srebrnym. Styl firany jest nowoczesny, a g\u0142adka faktura idealnie wpasowuje si\u0119 w r\u00f3\u017cne wn\u0119trza. Firana ta doskonale sprawdzi si\u0119 w mieszkania w stylu nowoczesnym, skandynawskim, industrialnym lub klasycznym glamour. Specyfikacja: Szeroko\u015b\u0107: 140 cm &#8211; szeroko\u015b\u0107 ca\u0142kowita firany D\u0142ugo\u015b\u0107: 150, 155, 160, 165, 170, 175, 180, 185, 190, 195, 200, 205, 210, 215, 220, 225, 230, 235. 240, 245, 250 cm &#8211; d\u0142ugo\u015b\u0107 ca\u0142kowita firany Tkanina: zdobiona z\u0142ot\u0105 nici\u0105 Kolor: krem z elementami z\u0142otej nitki Spos\u00f3b zawieszenia: metalowe przelotki w kolorze srebrnym &#8211; 8 przelotek Sk\u0142ad: 100% poliester CENA DOTYCZY 1 SZT<\/p>\n","protected":false},"featured_media":26424,"comment_status":"closed","ping_status":"closed","template":"","meta":[],"product_brand":[],"product_cat":[137,551],"product_tag":[],"class_list":{"0":"post-26417","1":"product","2":"type-product","3":"status-publish","4":"has-post-thumbnail","6":"product_cat-firany","7":"product_cat-firany-na-przelotkach","8":"product_shipping_class-pl","10":"first","11":"onbackorder","12":"taxable","13":"shipping-taxable","14":"purchasable","15":"product-type-variable","16":"has-default-attributes"},"jetpack_sharing_enabled":true,"_links":{"self":[{"href":"https:\/\/nakarnisze.pl\/index.php\/wp-json\/wp\/v2\/product\/26417","targetHints":{"allow":["GET"]}}],"collection":[{"href":"https:\/\/nakarnisze.pl\/index.php\/wp-json\/wp\/v2\/product"}],"about":[{"href":"https:\/\/nakarnisze.pl\/index.php\/wp-json\/wp\/v2\/types\/product"}],"replies":[{"embeddable":true,"href":"https:\/\/nakarnisze.pl\/index.php\/wp-json\/wp\/v2\/comments?post=26417"}],"version-history":[{"count":2,"href":"https:\/\/nakarnisze.pl\/index.php\/wp-json\/wp\/v2\/product\/26417\/revisions"}],"predecessor-version":[{"id":26442,"href":"https:\/\/nakarnisze.pl\/index.php\/wp-json\/wp\/v2\/product\/26417\/revisions\/26442"}],"wp:featuredmedia":[{"embeddable":true,"href":"https:\/\/nakarnisze.pl\/index.php\/wp-json\/wp\/v2\/media\/26424"}],"wp:attachment":[{"href":"https:\/\/nakarnisze.pl\/index.php\/wp-json\/wp\/v2\/media?parent=26417"}],"wp:term":[{"taxonomy":"product_brand","embeddable":true,"href":"https:\/\/nakarnisze.pl\/index.php\/wp-json\/wp\/v2\/product_brand?post=26417"},{"taxonomy":"product_cat","embeddable":true,"href":"https:\/\/nakarnisze.pl\/index.php\/wp-json\/wp\/v2\/product_cat?post=26417"},{"taxonomy":"product_tag","embeddable":true,"href":"https:\/\/nakarnisze.pl\/index.php\/wp-json\/wp\/v2\/product_tag?post=26417"}],"curies":[{"name":"wp","href":"https:\/\/api.w.org\/{rel}","templated":true}]}}