{"id":28406,"date":"2024-09-19T21:43:26","date_gmt":"2024-09-19T19:43:26","guid":{"rendered":"https:\/\/nakarnisze.pl\/?post_type=product&#038;p=28406"},"modified":"2025-12-12T00:26:07","modified_gmt":"2025-12-11T22:26:07","slug":"firana-gotowa-z-markizety-zdobiona-haftem-na-tasmie-marszczacej-aria","status":"publish","type":"product","link":"https:\/\/nakarnisze.pl\/index.php\/firana-gotowa-z-markizety-zdobiona-haftem-na-tasmie-marszczacej-aria\/","title":{"rendered":"FIRANA GOTOWA Z MARKIZETY ZDOBIONA HAFTEM NA TA\u015aMIE MARSZCZ\u0104CEJ ARIA"},"content":{"rendered":"<h1>FIRANA GOTOWA Z MARKIZETY ZDOBIONA HAFTEM NA TA\u015aMIE MARSZCZ\u0104CEJ ARIA<\/h1>\n<p>Firana gotowa z markizety zdobiona haftem na ta\u015bmie marszcz\u0105cej to wyj\u0105tkowy dodatek do ka\u017cdego wn\u0119trza, kt\u00f3ry przyci\u0105ga uwag\u0119 swoj\u0105 <strong>subtelno\u015bci\u0105 i delikatno\u015bci\u0105<\/strong>. Wykonana z lekkiej <strong>markizety<\/strong> zdobionej<strong> haftem<\/strong>, kt\u00f3ry dodaje jej niepowtarzalnego uroku. Markizeta zosta\u0142a wykonana z najwy\u017cszej jako\u015bci <strong>prz\u0119dzy poliestrowej<\/strong> w kolorze<strong> ch\u0142odnym bia\u0142ym<\/strong>, z dodatkiem delikatnie <strong>po\u0142yskuj\u0105cej nici<\/strong>. W g\u00f3rnej cz\u0119\u015bci firany zosta\u0142a wszyta<strong> ta\u015bma marszcz\u0105ca<\/strong> oraz <strong>tunel<\/strong> na karnisz rurkowy. Ta\u015bma u\u0142atwia efektowne drapowanie tkaniny. Firana przepuszcza promienie s\u0142oneczne i chroni prywatno\u015b\u0107 mieszka\u0144c\u00f3w. Efektowny wz\u00f3r markizety idealnie<strong> o\u017cywi<\/strong> ka\u017cd\u0105 przestrze\u0144 i nada jej niezwyk\u0142y urok.<\/p>\n<p><strong>Specyfikacja:<\/strong><\/p>\n<ul>\n<li>Szeroko\u015b\u0107: <strong>400 cm<\/strong><\/li>\n<li>D\u0142ugo\u015b\u0107: <strong>150 cm<\/strong>, <strong>250 cm<\/strong><\/li>\n<li>Materia\u0142:<strong> markizeta<\/strong><\/li>\n<li>Kolor: <strong>ch\u0142odny bia\u0142y<\/strong><\/li>\n<li>Spos\u00f3b zawieszenia: <strong>ta\u015bma marszcz\u0105ca &#8211; \u017cabki, haczyki, karnisz rurkowy<\/strong><\/li>\n<li>Sk\u0142ad: 100% poliester<\/li>\n<\/ul>\n","protected":false},"excerpt":{"rendered":"<p>FIRANA GOTOWA Z MARKIZETY ZDOBIONA HAFTEM NA TA\u015aMIE MARSZCZ\u0104CEJ ARIA Firana gotowa z markizety zdobiona haftem na ta\u015bmie marszcz\u0105cej to wyj\u0105tkowy dodatek do ka\u017cdego wn\u0119trza, kt\u00f3ry przyci\u0105ga uwag\u0119 swoj\u0105 subtelno\u015bci\u0105 i delikatno\u015bci\u0105. Wykonana z lekkiej markizety zdobionej haftem, kt\u00f3ry dodaje jej niepowtarzalnego uroku. Markizeta zosta\u0142a wykonana z najwy\u017cszej jako\u015bci prz\u0119dzy poliestrowej w kolorze ch\u0142odnym bia\u0142ym, z dodatkiem delikatnie po\u0142yskuj\u0105cej nici. W g\u00f3rnej cz\u0119\u015bci firany zosta\u0142a wszyta ta\u015bma marszcz\u0105ca oraz tunel na karnisz rurkowy. Ta\u015bma u\u0142atwia efektowne drapowanie tkaniny. Firana przepuszcza promienie s\u0142oneczne i chroni prywatno\u015b\u0107 mieszka\u0144c\u00f3w. Efektowny wz\u00f3r markizety idealnie o\u017cywi ka\u017cd\u0105 przestrze\u0144 i nada jej niezwyk\u0142y urok. Specyfikacja: Szeroko\u015b\u0107: 400 cm D\u0142ugo\u015b\u0107: 150 cm, 250 cm Materia\u0142: markizeta Kolor: ch\u0142odny bia\u0142y Spos\u00f3b zawieszenia: ta\u015bma marszcz\u0105ca &#8211; \u017cabki, haczyki, karnisz rurkowy Sk\u0142ad: 100% poliester<\/p>\n","protected":false},"featured_media":34004,"comment_status":"closed","ping_status":"closed","template":"","meta":[],"product_brand":[],"product_cat":[552,137],"product_tag":[],"class_list":{"0":"post-28406","1":"product","2":"type-product","3":"status-publish","4":"has-post-thumbnail","6":"product_cat-firany-na-tasmie","7":"product_cat-firany","8":"product_shipping_class-pl","10":"first","11":"instock","12":"taxable","13":"shipping-taxable","14":"purchasable","15":"product-type-variable","16":"has-default-attributes"},"jetpack_sharing_enabled":true,"_links":{"self":[{"href":"https:\/\/nakarnisze.pl\/index.php\/wp-json\/wp\/v2\/product\/28406","targetHints":{"allow":["GET"]}}],"collection":[{"href":"https:\/\/nakarnisze.pl\/index.php\/wp-json\/wp\/v2\/product"}],"about":[{"href":"https:\/\/nakarnisze.pl\/index.php\/wp-json\/wp\/v2\/types\/product"}],"replies":[{"embeddable":true,"href":"https:\/\/nakarnisze.pl\/index.php\/wp-json\/wp\/v2\/comments?post=28406"}],"version-history":[{"count":5,"href":"https:\/\/nakarnisze.pl\/index.php\/wp-json\/wp\/v2\/product\/28406\/revisions"}],"predecessor-version":[{"id":34005,"href":"https:\/\/nakarnisze.pl\/index.php\/wp-json\/wp\/v2\/product\/28406\/revisions\/34005"}],"wp:featuredmedia":[{"embeddable":true,"href":"https:\/\/nakarnisze.pl\/index.php\/wp-json\/wp\/v2\/media\/34004"}],"wp:attachment":[{"href":"https:\/\/nakarnisze.pl\/index.php\/wp-json\/wp\/v2\/media?parent=28406"}],"wp:term":[{"taxonomy":"product_brand","embeddable":true,"href":"https:\/\/nakarnisze.pl\/index.php\/wp-json\/wp\/v2\/product_brand?post=28406"},{"taxonomy":"product_cat","embeddable":true,"href":"https:\/\/nakarnisze.pl\/index.php\/wp-json\/wp\/v2\/product_cat?post=28406"},{"taxonomy":"product_tag","embeddable":true,"href":"https:\/\/nakarnisze.pl\/index.php\/wp-json\/wp\/v2\/product_tag?post=28406"}],"curies":[{"name":"wp","href":"https:\/\/api.w.org\/{rel}","templated":true}]}}