{"id":28566,"date":"2024-09-27T21:19:25","date_gmt":"2024-09-27T19:19:25","guid":{"rendered":"https:\/\/nakarnisze.pl\/?post_type=product&#038;p=28566"},"modified":"2025-12-19T13:32:52","modified_gmt":"2025-12-19T11:32:52","slug":"firana-gotowa-z-batystu-na-tasmie-marszczacej","status":"publish","type":"product","link":"https:\/\/nakarnisze.pl\/index.php\/firana-gotowa-z-batystu-na-tasmie-marszczacej\/","title":{"rendered":"FIRANA GOTOWA Z BATYSTU NA TA\u015aMIE MARSZCZ\u0104CEJ"},"content":{"rendered":"<h1>FIRANA GOTOWA Z BATYSTU NA TA\u015aMIE MARSZCZ\u0104CEJ<\/h1>\n<p>Dodaj odrobin\u0119 elegancji i lekko\u015bci do swojego wn\u0119trza dzi\u0119ki naszej firanie z batystu<strong> na ta\u015bmie marszcz\u0105cej<\/strong>. Zosta\u0142a wykonana z\u00a0<strong>delikatnego, g\u0142adkiego materia\u0142u batyst<\/strong> w kolorze bia\u0142ym. Jest lu\u017ano tkana przypominaj\u0105ca LEN &#8211; P\u0141OTNO. Ta\u00a0<strong>elegancka i stylowa\u00a0<\/strong>firana\u00a0doskonale uzupe\u0142ni wystr\u00f3j Twojego wn\u0119trza, nadaj\u0105c mu\u00a0<strong>luksusowego charakteru<\/strong>. Dzi\u0119ki swojej\u00a0<strong>uniwersalnej<\/strong> kolorystyce, idealnie pasuje zar\u00f3wno do<strong> nowoczesnych<\/strong>, jak i <strong>klasycznych<\/strong> aran\u017cacji. <strong>Wysoka jako\u015b\u0107 materia\u0142u<\/strong>\u00a0gwarantuje trwa\u0142o\u015b\u0107 i odporno\u015b\u0107 na uszkodzenia, co sprawia, \u017ce firana b\u0119dzie pi\u0119knie prezentowa\u0107 si\u0119 przez wiele lat.<\/p>\n<p><b>SPECYFIKACJA:<\/b><\/p>\n<ul>\n<li>Szeroko\u015b\u0107: <strong>140,<\/strong> <strong>300<\/strong><b> cm \u2013 szeroko\u015b\u0107 ca\u0142kowita firany<\/b><\/li>\n<li>D\u0142ugo\u015b\u0107:\u00a0 <strong>150, 160, 170, 180, 190, 200, 210, 220, 230, 240, 250, 260, 270<\/strong><strong>cm<\/strong><b>\u00a0\u2013 d\u0142ugo\u015b\u0107 ca\u0142kowita zas\u0142ony<\/b><\/li>\n<li>Kolor:<strong> biel<\/strong><\/li>\n<li>Materia\u0142:\u00a0<strong>batyst<\/strong>, lu\u017ano tkana przypominaj\u0105ca LEN \u2013 P\u0141\u00d3TNO<\/li>\n<li>Tkanina: poliester 100%<\/li>\n<li>Spos\u00f3b zawieszenia: <strong>przezroczysta ta\u015bma marszcz\u0105ca na \u017cabki, haczyki lub tunel na cienk\u0105 rurk\u0119 karnisza<\/strong><\/li>\n<li>Wysoko\u015b\u0107 ta\u015bmy marszcz\u0105cej:\u00a0<strong>6\u00a0cm<\/strong><\/li>\n<li>Pranie: temp. max 30\u00b0C<\/li>\n<li>Prasowanie: temp. max 200\u00b0C<\/li>\n<li><b>Po powieszeniu na mokro nie wymaga prasowania<\/b><\/li>\n<\/ul>\n","protected":false},"excerpt":{"rendered":"<p>FIRANA GOTOWA Z BATYSTU NA TA\u015aMIE MARSZCZ\u0104CEJ Dodaj odrobin\u0119 elegancji i lekko\u015bci do swojego wn\u0119trza dzi\u0119ki naszej firanie z batystu na ta\u015bmie marszcz\u0105cej. Zosta\u0142a wykonana z\u00a0delikatnego, g\u0142adkiego materia\u0142u batyst w kolorze bia\u0142ym. Jest lu\u017ano tkana przypominaj\u0105ca LEN &#8211; P\u0141OTNO. Ta\u00a0elegancka i stylowa\u00a0firana\u00a0doskonale uzupe\u0142ni wystr\u00f3j Twojego wn\u0119trza, nadaj\u0105c mu\u00a0luksusowego charakteru. Dzi\u0119ki swojej\u00a0uniwersalnej kolorystyce, idealnie pasuje zar\u00f3wno do nowoczesnych, jak i klasycznych aran\u017cacji. Wysoka jako\u015b\u0107 materia\u0142u\u00a0gwarantuje trwa\u0142o\u015b\u0107 i odporno\u015b\u0107 na uszkodzenia, co sprawia, \u017ce firana b\u0119dzie pi\u0119knie prezentowa\u0107 si\u0119 przez wiele lat. SPECYFIKACJA: Szeroko\u015b\u0107: 140, 300 cm \u2013 szeroko\u015b\u0107 ca\u0142kowita firany D\u0142ugo\u015b\u0107:\u00a0 150, 160, 170, 180, 190, 200, 210, 220, 230, 240, 250, 260, 270cm\u00a0\u2013 d\u0142ugo\u015b\u0107 ca\u0142kowita zas\u0142ony Kolor: biel Materia\u0142:\u00a0batyst, lu\u017ano tkana przypominaj\u0105ca LEN \u2013 P\u0141\u00d3TNO Tkanina: poliester 100% Spos\u00f3b zawieszenia: przezroczysta ta\u015bma marszcz\u0105ca na \u017cabki, haczyki lub tunel na cienk\u0105 rurk\u0119 karnisza Wysoko\u015b\u0107 ta\u015bmy marszcz\u0105cej:\u00a06\u00a0cm Pranie: temp. max 30\u00b0C Prasowanie: temp. max 200\u00b0C Po powieszeniu na mokro nie wymaga prasowania<\/p>\n","protected":false},"featured_media":33971,"comment_status":"closed","ping_status":"closed","template":"","meta":[],"product_brand":[],"product_cat":[552,137],"product_tag":[],"class_list":{"0":"post-28566","1":"product","2":"type-product","3":"status-publish","4":"has-post-thumbnail","6":"product_cat-firany-na-tasmie","7":"product_cat-firany","8":"product_shipping_class-pl","10":"first","11":"instock","12":"taxable","13":"shipping-taxable","14":"purchasable","15":"product-type-variable","16":"has-default-attributes"},"jetpack_sharing_enabled":true,"_links":{"self":[{"href":"https:\/\/nakarnisze.pl\/index.php\/wp-json\/wp\/v2\/product\/28566","targetHints":{"allow":["GET"]}}],"collection":[{"href":"https:\/\/nakarnisze.pl\/index.php\/wp-json\/wp\/v2\/product"}],"about":[{"href":"https:\/\/nakarnisze.pl\/index.php\/wp-json\/wp\/v2\/types\/product"}],"replies":[{"embeddable":true,"href":"https:\/\/nakarnisze.pl\/index.php\/wp-json\/wp\/v2\/comments?post=28566"}],"version-history":[{"count":3,"href":"https:\/\/nakarnisze.pl\/index.php\/wp-json\/wp\/v2\/product\/28566\/revisions"}],"predecessor-version":[{"id":33984,"href":"https:\/\/nakarnisze.pl\/index.php\/wp-json\/wp\/v2\/product\/28566\/revisions\/33984"}],"wp:featuredmedia":[{"embeddable":true,"href":"https:\/\/nakarnisze.pl\/index.php\/wp-json\/wp\/v2\/media\/33971"}],"wp:attachment":[{"href":"https:\/\/nakarnisze.pl\/index.php\/wp-json\/wp\/v2\/media?parent=28566"}],"wp:term":[{"taxonomy":"product_brand","embeddable":true,"href":"https:\/\/nakarnisze.pl\/index.php\/wp-json\/wp\/v2\/product_brand?post=28566"},{"taxonomy":"product_cat","embeddable":true,"href":"https:\/\/nakarnisze.pl\/index.php\/wp-json\/wp\/v2\/product_cat?post=28566"},{"taxonomy":"product_tag","embeddable":true,"href":"https:\/\/nakarnisze.pl\/index.php\/wp-json\/wp\/v2\/product_tag?post=28566"}],"curies":[{"name":"wp","href":"https:\/\/api.w.org\/{rel}","templated":true}]}}