{"id":29186,"date":"2024-10-22T19:52:56","date_gmt":"2024-10-22T17:52:56","guid":{"rendered":"https:\/\/nakarnisze.pl\/?post_type=product&#038;p=29186"},"modified":"2025-12-12T00:24:18","modified_gmt":"2025-12-11T22:24:18","slug":"firana-gotowa-z-gipiura-w-kwiatki-na-tasmie-400x150-cm","status":"publish","type":"product","link":"https:\/\/nakarnisze.pl\/index.php\/firana-gotowa-z-gipiura-w-kwiatki-na-tasmie-400x150-cm\/","title":{"rendered":"FIRANA GOTOWA Z GIPIUR\u0104 W KWIATKI NA TA\u015aMIE 400X150 CM"},"content":{"rendered":"<h1>FIRANA GOTOWA Z GIPIUR\u0104 W KWIATKI NA TA\u015aMIE 400X150 CM<\/h1>\n<p>Firana gotowa <strong>z gipiur\u0105 w kwiatki<\/strong> na ta\u015bmie<strong> 400&#215;150 cm<\/strong> to elegancki dodatek do Twojego wn\u0119trza. Firana zosta\u0142a wykonana z wysokiej jako\u015bci\u00a0<strong>bia\u0142ego<\/strong>,<strong> g\u0142adkiego woalu<\/strong>. Ca\u0142o\u015b\u0107 sk\u0142ada si\u0119 z <b>dw\u00f3ch woalowych firan bocznych <\/b>oraz<b> firany \u015brodkowej\u00a0<\/b>uszytej\u00a0<b>na jednej ta\u015bmie<\/b>. D\u00f3\u0142 firany \u015brodkowej oraz wewn\u0119trzne boki firan bocznych ozdobione s\u0105\u00a0<b>pi\u0119kn\u0105 gipiur\u0105 w kwiatki<\/b>. <b>Nowoczesny<\/b> <b>wz\u00f3r <\/b>z gipiur\u0105 sprawi, \u017ce ka\u017cdy pok\u00f3j, w kt\u00f3rym zawi\u015bnie b\u0119dzie prezentowa\u0142 si\u0119 stylowo i ol\u015bniewaj\u0105co. W g\u00f3rnej cz\u0119\u015bci firany zosta\u0142a<b> wszyta ta\u015bma marszcz\u0105ca<\/b> z<b> tunelem\u00a0<\/b>umo\u017cliwiaj\u0105ca monta\u017c na karniszu rurkowym lub na \u017cabki. Do zestawu do\u0142\u0105czone s\u0105 dwie tasiemki umo\u017cliwiaj\u0105ce upi\u0119cie firan.<\/p>\n<p>Firanka posiada wszyt\u0105 od wewn\u0105trz <strong>ta\u015bm\u0119 marszcz\u0105c\u0105<\/strong>, kt\u00f3ra zapewnia <strong>pi\u0119kne, naturalne fa\u0142dy<\/strong> oraz<strong> tunel<\/strong> na karnisz rurkowy. Pasuje na karnisz o szeroko\u015bci <strong>200 &#8211; 250 cm<\/strong> w zale\u017cno\u015bci od stopnia umarszczenia.<\/p>\n<p><strong>Specyfikacja:<\/strong><\/p>\n<ul>\n<li>Szeroko\u015b\u0107: <strong>400 cm<\/strong><\/li>\n<li>Wysoko\u015b\u0107:<strong> 150 cm<\/strong><\/li>\n<li>Materia\u0142:<strong> woal<\/strong><\/li>\n<li>Kolor:<strong> bia\u0142y<\/strong><\/li>\n<li>Wysoko\u015b\u0107 gipiury: <strong>15 cm<\/strong><\/li>\n<li>Spos\u00f3b monta\u017cu: <strong>ta\u015bma marszcz\u0105ca &#8211; \u017cabki, haczyki, karnisz rurkowy<\/strong><\/li>\n<li>W zestawie: <strong>dwie tasiemki<\/strong> do upi\u0119cia firan bocznych<\/li>\n<li>Sk\u0142ad: 100% poliester<\/li>\n<\/ul>\n","protected":false},"excerpt":{"rendered":"<p>FIRANA GOTOWA Z GIPIUR\u0104 W KWIATKI NA TA\u015aMIE 400X150 CM Firana gotowa z gipiur\u0105 w kwiatki na ta\u015bmie 400&#215;150 cm to elegancki dodatek do Twojego wn\u0119trza. Firana zosta\u0142a wykonana z wysokiej jako\u015bci\u00a0bia\u0142ego, g\u0142adkiego woalu. Ca\u0142o\u015b\u0107 sk\u0142ada si\u0119 z dw\u00f3ch woalowych firan bocznych oraz firany \u015brodkowej\u00a0uszytej\u00a0na jednej ta\u015bmie. D\u00f3\u0142 firany \u015brodkowej oraz wewn\u0119trzne boki firan bocznych ozdobione s\u0105\u00a0pi\u0119kn\u0105 gipiur\u0105 w kwiatki. Nowoczesny wz\u00f3r z gipiur\u0105 sprawi, \u017ce ka\u017cdy pok\u00f3j, w kt\u00f3rym zawi\u015bnie b\u0119dzie prezentowa\u0142 si\u0119 stylowo i ol\u015bniewaj\u0105co. W g\u00f3rnej cz\u0119\u015bci firany zosta\u0142a wszyta ta\u015bma marszcz\u0105ca z tunelem\u00a0umo\u017cliwiaj\u0105ca monta\u017c na karniszu rurkowym lub na \u017cabki. Do zestawu do\u0142\u0105czone s\u0105 dwie tasiemki umo\u017cliwiaj\u0105ce upi\u0119cie firan. Firanka posiada wszyt\u0105 od wewn\u0105trz ta\u015bm\u0119 marszcz\u0105c\u0105, kt\u00f3ra zapewnia pi\u0119kne, naturalne fa\u0142dy oraz tunel na karnisz rurkowy. Pasuje na karnisz o szeroko\u015bci 200 &#8211; 250 cm w zale\u017cno\u015bci od stopnia umarszczenia. Specyfikacja: Szeroko\u015b\u0107: 400 cm Wysoko\u015b\u0107: 150 cm Materia\u0142: woal Kolor: bia\u0142y Wysoko\u015b\u0107 gipiury: 15 cm Spos\u00f3b monta\u017cu: ta\u015bma marszcz\u0105ca &#8211; \u017cabki, haczyki, karnisz rurkowy W zestawie: dwie tasiemki do upi\u0119cia firan bocznych Sk\u0142ad: 100% poliester<\/p>\n","protected":false},"featured_media":33833,"comment_status":"open","ping_status":"closed","template":"","meta":[],"product_brand":[],"product_cat":[137],"product_tag":[],"class_list":{"0":"post-29186","1":"product","2":"type-product","3":"status-publish","4":"has-post-thumbnail","6":"product_cat-firany","7":"product_shipping_class-pl","9":"first","10":"outofstock","11":"taxable","12":"shipping-taxable","13":"purchasable","14":"product-type-simple"},"jetpack_sharing_enabled":true,"_links":{"self":[{"href":"https:\/\/nakarnisze.pl\/index.php\/wp-json\/wp\/v2\/product\/29186","targetHints":{"allow":["GET"]}}],"collection":[{"href":"https:\/\/nakarnisze.pl\/index.php\/wp-json\/wp\/v2\/product"}],"about":[{"href":"https:\/\/nakarnisze.pl\/index.php\/wp-json\/wp\/v2\/types\/product"}],"replies":[{"embeddable":true,"href":"https:\/\/nakarnisze.pl\/index.php\/wp-json\/wp\/v2\/comments?post=29186"}],"version-history":[{"count":3,"href":"https:\/\/nakarnisze.pl\/index.php\/wp-json\/wp\/v2\/product\/29186\/revisions"}],"predecessor-version":[{"id":33837,"href":"https:\/\/nakarnisze.pl\/index.php\/wp-json\/wp\/v2\/product\/29186\/revisions\/33837"}],"wp:featuredmedia":[{"embeddable":true,"href":"https:\/\/nakarnisze.pl\/index.php\/wp-json\/wp\/v2\/media\/33833"}],"wp:attachment":[{"href":"https:\/\/nakarnisze.pl\/index.php\/wp-json\/wp\/v2\/media?parent=29186"}],"wp:term":[{"taxonomy":"product_brand","embeddable":true,"href":"https:\/\/nakarnisze.pl\/index.php\/wp-json\/wp\/v2\/product_brand?post=29186"},{"taxonomy":"product_cat","embeddable":true,"href":"https:\/\/nakarnisze.pl\/index.php\/wp-json\/wp\/v2\/product_cat?post=29186"},{"taxonomy":"product_tag","embeddable":true,"href":"https:\/\/nakarnisze.pl\/index.php\/wp-json\/wp\/v2\/product_tag?post=29186"}],"curies":[{"name":"wp","href":"https:\/\/api.w.org\/{rel}","templated":true}]}}